CRAN Package Check Results for Package SpaDES

Last updated on 2018-06-25 04:50:18 CEST.

Flavor Version Tinstall Tcheck Ttotal Status Flags
r-devel-linux-x86_64-debian-clang 2.0.2 0.43 2.63 3.06 ERROR
r-devel-linux-x86_64-debian-gcc 2.0.2 0.31 2.06 2.37 ERROR
r-devel-linux-x86_64-fedora-clang 2.0.2 161.99 OK
r-devel-linux-x86_64-fedora-gcc 2.0.2 139.07 OK
r-devel-windows-ix86+x86_64 2.0.2 31.00 220.00 251.00 WARN
r-patched-linux-x86_64 2.0.2 0.39 2.53 2.92 ERROR
r-patched-solaris-x86 2.0.2 367.10 OK
r-release-linux-x86_64 2.0.2 0.41 2.41 2.82 ERROR
r-release-windows-ix86+x86_64 2.0.2 47.00 262.00 309.00 WARN
r-release-osx-x86_64 2.0.2 OK
r-oldrel-windows-ix86+x86_64 2.0.2 42.00 185.00 227.00 WARN
r-oldrel-osx-x86_64 2.0.1 OK

Check Details

Version: 2.0.2
Check: package dependencies
Result: ERROR
    Packages required but not available: ‘SpaDES.addins’ ‘SpaDES.core’
    
    See section ‘The DESCRIPTION file’ in the ‘Writing R Extensions’
    manual.
Flavors: r-devel-linux-x86_64-debian-clang, r-devel-linux-x86_64-debian-gcc, r-patched-linux-x86_64, r-release-linux-x86_64

Version: 2.0.2
Check: whether package can be installed
Result: WARN
    Found the following significant warnings:
     Warning: replacing previous import 'SpaDES.tools::checkGDALVersion' by 'reproducible::checkGDALVersion' when loading 'SpaDES'
     Warning: replacing previous import 'SpaDES.tools::getGDALVersion' by 'reproducible::getGDALVersion' when loading 'SpaDES'
     Warning: replacing previous import 'SpaDES.tools::fastMask' by 'reproducible::fastMask' when loading 'SpaDES'
Flavors: r-devel-windows-ix86+x86_64, r-release-windows-ix86+x86_64, r-oldrel-windows-ix86+x86_64

Version: 2.0.2
Check: re-building of vignette outputs
Result: WARN
    Error in re-building vignettes:
     ...
    
    Attaching package: 'igraph'
    
    The following objects are masked from 'package:stats':
    
     decompose, spectrum
    
    The following object is masked from 'package:base':
    
     union
    
    Loading required package: sp
    loading reproducible 0.2.0
    loading quickPlot 0.1.3
    loading SpaDES.core 0.1.1
    loading SpaDES.tools 0.2.0
    loading SpaDES.addins 0.1.1
    
    Default paths for SpaDES directories set to:
     cachePath: D:\temp\RtmpqiyWsi/SpaDES/cache
     inputPath: D:\temp\RtmpqiyWsi/SpaDES/inputs
     modulePath: D:\temp\RtmpqiyWsi/SpaDES/modules
     outputPath: D:\temp\RtmpqiyWsi/SpaDES/outputs
    These can be changed using 'setPaths()'. See '?setPaths'.
    Loading required package: RColorBrewer
    Quitting from lines 66-68 (iii-cache.Rmd)
    Error: processing vignette 'iii-cache.Rmd' failed with diagnostics:
    could not find symbol "compareRasterFileLength" in environment of the generic function
    Execution halted
Flavor: r-devel-windows-ix86+x86_64

Version: 2.0.2
Check: re-building of vignette outputs
Result: WARN
    Error in re-building vignettes:
     ...
    
    Attaching package: 'igraph'
    
    The following objects are masked from 'package:stats':
    
     decompose, spectrum
    
    The following object is masked from 'package:base':
    
     union
    
    Loading required package: sp
    loading reproducible 0.2.0
    loading quickPlot 0.1.3
    loading SpaDES.core 0.1.1
    loading SpaDES.tools 0.2.0
    loading SpaDES.addins 0.1.1
    
    Default paths for SpaDES directories set to:
     cachePath: D:\temp\Rtmpis28Xk/SpaDES/cache
     inputPath: D:\temp\Rtmpis28Xk/SpaDES/inputs
     modulePath: D:\temp\Rtmpis28Xk/SpaDES/modules
     outputPath: D:\temp\Rtmpis28Xk/SpaDES/outputs
    These can be changed using 'setPaths()'. See '?setPaths'.
    Loading required package: RColorBrewer
    Quitting from lines 66-68 (iii-cache.Rmd)
    Error: processing vignette 'iii-cache.Rmd' failed with diagnostics:
    could not find symbol "compareRasterFileLength" in environment of the generic function
    Execution halted
Flavor: r-release-windows-ix86+x86_64

Version: 2.0.2
Check: re-building of vignette outputs
Result: WARN
    Error in re-building vignettes:
     ...
    
    Attaching package: 'igraph'
    
    The following objects are masked from 'package:stats':
    
     decompose, spectrum
    
    The following object is masked from 'package:base':
    
     union
    
    Loading required package: sp
    loading reproducible 0.2.0
    loading quickPlot 0.1.3
    loading SpaDES.core 0.1.1
    loading SpaDES.tools 0.2.0
    loading SpaDES.addins 0.1.1
    
    Default paths for SpaDES directories set to:
     cachePath: D:\temp\RtmpInP4f9/SpaDES/cache
     inputPath: D:\temp\RtmpInP4f9/SpaDES/inputs
     modulePath: D:\temp\RtmpInP4f9/SpaDES/modules
     outputPath: D:\temp\RtmpInP4f9/SpaDES/outputs
    These can be changed using 'setPaths()'. See '?setPaths'.
    Loading required package: RColorBrewer
    Quitting from lines 66-68 (iii-cache.Rmd)
    Error: processing vignette 'iii-cache.Rmd' failed with diagnostics:
    could not find symbol "compareRasterFileLength" in environment of the generic function
    Execution halted
Flavor: r-oldrel-windows-ix86+x86_64