CRAN Package Check Results for Package SpaDES.core

Last updated on 2022-10-04 02:54:53 CEST.

Flavor Version Tinstall Tcheck Ttotal Status Flags
r-devel-linux-x86_64-debian-clang 1.1.0 63.99 485.03 549.02 NOTE
r-devel-linux-x86_64-debian-gcc 1.1.0 51.23 348.11 399.34 NOTE
r-devel-linux-x86_64-fedora-clang 1.1.0 725.07 NOTE
r-devel-linux-x86_64-fedora-gcc 1.1.0 698.99 NOTE
r-devel-windows-x86_64 1.1.0 351.00 576.00 927.00 OK
r-patched-linux-x86_64 1.1.0 66.12 450.89 517.01 NOTE
r-release-linux-x86_64 1.1.0 67.61 452.51 520.12 NOTE
r-release-macos-arm64 1.1.0 163.00 OK
r-release-macos-x86_64 1.1.0 204.00 NOTE
r-release-windows-x86_64 1.1.0 416.00 554.00 970.00 OK
r-oldrel-macos-arm64 1.1.0 154.00 OK
r-oldrel-macos-x86_64 1.1.0 240.00 OK
r-oldrel-windows-ix86+x86_64 1.1.0 121.00 589.00 710.00 ERROR

Additional issues

noSuggests

Check Details

Version: 1.1.0
Check: package dependencies
Result: NOTE
    Package suggested but not available for checking: 'NLMR'
Flavors: r-devel-linux-x86_64-debian-clang, r-devel-linux-x86_64-debian-gcc, r-devel-linux-x86_64-fedora-clang, r-devel-linux-x86_64-fedora-gcc, r-patched-linux-x86_64, r-release-linux-x86_64, r-release-macos-x86_64

Version: 1.1.0
Check: tests
Result: ERROR
     Running 'test-all.R' [108s]
    Running the tests in 'tests/test-all.R' failed.
    Complete output:
     > library(testthat)
     > test_check("SpaDES.core")
     Loading required package: SpaDES.core
     Loading required package: quickPlot
     Loading required package: reproducible
    
     Attaching package: 'SpaDES.core'
    
     The following objects are masked from 'package:stats':
    
     end, start
    
     The following object is masked from 'package:utils':
    
     citation
    
     trying URL 'https://www.zotero.org/styles/ecology-letters'
     adding: test.qs (stored 0%)
     adding: TransferFolder/cache.db (stored 0%)
     adding: TransferFolder/yCRp86x.grd (deflated 31%)
     adding: TransferFolder/yCRp86x.gri (deflated 55%)
     adding: TransferFolder/yCRp86x_1.grd (deflated 31%)
     adding: TransferFolder/yCRp86x_1.gri (deflated 55%)
     adding: TransferFolder/yCRp86x_2.grd (deflated 31%)
     adding: TransferFolder/yCRp86x_2.gri (deflated 55%)
     adding: temp/RtmpcJi1lr/JHJXYi/landscape_month1.rds (stored 0%)
     [ FAIL 1 | WARN 0 | SKIP 21 | PASS 651 ]
    
     == Skipped tests ===============================================================
     * On CRAN (12)
     * On Windows (1)
     * benchmarking DES (1)
     * empty test (4)
     * interactive() is not TRUE (1)
     * restartR not possible in automated tests (1)
     * restartR with logging not possible in automated tests (1)
    
     == Failed tests ================================================================
     -- Error (<text>:6:3): module templates work -----------------------------------
     Error in `download.file("https://www.zotero.org/styles/ecology-letters",
     destfile = "citations/ecology-letters.csl")`: cannot open URL 'https://www.zotero.org/styles/ecology-letters'
     Backtrace:
     x
     1. \-utils::download.file(...)
    
     [ FAIL 1 | WARN 0 | SKIP 21 | PASS 651 ]
     Error: Test failures
     Execution halted
Flavor: r-oldrel-windows-ix86+x86_64