CRAN Package Check Results for Package SpaDES.core

Last updated on 2018-09-23 00:46:37 CEST.

Flavor Version Tinstall Tcheck Ttotal Status Flags
r-devel-linux-x86_64-debian-clang 0.2.2 32.42 373.75 406.17 OK
r-devel-linux-x86_64-debian-gcc 0.2.2 29.72 291.57 321.29 WARN
r-devel-linux-x86_64-fedora-clang 0.2.2 490.86 OK
r-devel-linux-x86_64-fedora-gcc 0.2.2 493.97 OK
r-devel-windows-ix86+x86_64 0.2.2 87.00 486.00 573.00 OK
r-patched-linux-x86_64 0.2.2 31.46 338.58 370.04 OK
r-patched-solaris-x86 0.2.2 708.40 WARN
r-release-linux-x86_64 0.2.2 31.69 342.49 374.18 WARN
r-release-windows-ix86+x86_64 0.2.2 51.00 476.00 527.00 OK
r-release-osx-x86_64 0.2.2 ERROR
r-oldrel-windows-ix86+x86_64 0.2.2 51.00 426.00 477.00 OK
r-oldrel-osx-x86_64 0.2.2 ERROR

Check Details

Version: 0.2.2
Check: Rd cross-references
Result: WARN
    Missing link or links in documentation object 'moduleCoverage.Rd':
     ‘[covr]{shine}’
    
    See section 'Cross-references' in the 'Writing R Extensions' manual.
Flavors: r-devel-linux-x86_64-debian-gcc, r-release-linux-x86_64

Version: 0.2.2
Check: re-building of vignette outputs
Result: WARN
    Error in re-building vignettes:
     ...
    Warning in engine$weave(file, quiet = quiet, encoding = enc) :
     Pandoc (>= 1.12.3) and/or pandoc-citeproc not available. Falling back to R Markdown v1.
    Warning in engine$weave(file, quiet = quiet, encoding = enc) :
     Pandoc (>= 1.12.3) and/or pandoc-citeproc not available. Falling back to R Markdown v1.
    
    Attaching package: 'igraph'
    
    The following objects are masked from 'package:stats':
    
     decompose, spectrum
    
    The following object is masked from 'package:base':
    
     union
    
    Loading required package: quickPlot
    Loading required package: reproducible
    
    Attaching package: 'reproducible'
    
    The following object is masked from 'package:igraph':
    
     %>%
    
    
    Attaching package: 'SpaDES.core'
    
    The following objects are masked from 'package:stats':
    
     end, start
    
    Loading required package: SpaDES.tools
    Loading required package: RColorBrewer
    Loading required package: raster
    Loading required package: sp
    Loading required package: grid
    
    Attaching package: 'grid'
    
    The following object is masked from 'package:quickPlot':
    
     gpar
    
    Quitting from lines 366-372 (ii-modules.Rmd)
    Error: processing vignette 'ii-modules.Rmd' failed with diagnostics:
    there is no package called 'webshot'
    Execution halted
Flavor: r-patched-solaris-x86

Version: 0.2.2
Check: tests
Result: ERROR
     Running ‘test-all.R’ [134s/209s]
    Running the tests in ‘tests/test-all.R’ failed.
    Last 13 lines of output:
     ── 1. Error: 3 levels of parent and child modules load and show correctly (@test
     At optimal_modularity.c:85 : GLPK is not available, Unimplemented function call
     1: moduleGraph(mySim, FALSE) at testthat/test-module-deps-methods.R:195
     2: moduleGraph(mySim, FALSE)
     3: cluster_optimal(grph)
    
     Using cached copy of .inputObjects event in child6 module. Adding to memoised copy.
     ══ testthat results ═══════════════════════════════════════════════════════════
     OK: 305 SKIPPED: 35 FAILED: 1
     1. Error: 3 levels of parent and child modules load and show correctly (@test-module-deps-methods.R#195)
    
     Error: testthat unit tests failed
     In addition: Warning message:
     In fun(libname, pkgname) : couldn't connect to display ":0"
     Execution halted
Flavor: r-release-osx-x86_64

Version: 0.2.2
Check: re-building of vignette outputs
Result: WARN
    Error in re-building vignettes:
     ...
    
    Warning in fun(libname, pkgname) : couldn't connect to display ":0"
    
    Attaching package: 'SpaDES.core'
    
    The following objects are masked from 'package:stats':
    
     end, start
    
    Loading required package: SpaDES.tools
    Loading required package: RColorBrewer
    Loading required package: raster
    Loading required package: sp
    Loading required package: grid
    
    Attaching package: 'grid'
    
    The following object is masked from 'package:quickPlot':
    
     gpar
    
    Quitting from lines 366-372 (ii-modules.Rmd)
    Error: processing vignette 'ii-modules.Rmd' failed with diagnostics:
    cannot open the connection
    Execution halted
Flavors: r-release-osx-x86_64, r-oldrel-osx-x86_64

Version: 0.2.2
Check: tests
Result: ERROR
     Running ‘test-all.R’ [144s/219s]
    Running the tests in ‘tests/test-all.R’ failed.
    Last 13 lines of output:
     ── 1. Error: 3 levels of parent and child modules load and show correctly (@test
     At optimal_modularity.c:85 : GLPK is not available, Unimplemented function call
     1: moduleGraph(mySim, FALSE) at testthat/test-module-deps-methods.R:195
     2: moduleGraph(mySim, FALSE)
     3: cluster_optimal(grph)
    
     Using cached copy of .inputObjects event in child6 module. Adding to memoised copy.
     ══ testthat results ═══════════════════════════════════════════════════════════
     OK: 305 SKIPPED: 35 FAILED: 1
     1. Error: 3 levels of parent and child modules load and show correctly (@test-module-deps-methods.R#195)
    
     Error: testthat unit tests failed
     In addition: Warning message:
     In fun(libname, pkgname) : couldn't connect to display ":0"
     Execution halted
Flavor: r-oldrel-osx-x86_64