CRAN Package Check Results for Package SpaDES.core

Last updated on 2018-07-20 20:49:59 CEST.

Flavor Version Tinstall Tcheck Ttotal Status Flags
r-devel-linux-x86_64-debian-clang 0.2.0 36.27 405.15 441.42 OK
r-devel-linux-x86_64-debian-gcc 0.2.0 29.25 321.87 351.12 OK
r-devel-linux-x86_64-fedora-clang 0.2.0 523.53 NOTE
r-devel-linux-x86_64-fedora-gcc 0.2.0 487.49 NOTE
r-devel-windows-ix86+x86_64 0.2.0 70.00 549.00 619.00 NOTE
r-patched-linux-x86_64 0.2.0 33.80 374.64 408.44 OK
r-patched-solaris-x86 0.2.0 788.60 WARN
r-release-linux-x86_64 0.2.0 32.07 374.19 406.26 OK
r-release-windows-ix86+x86_64 0.2.0 88.00 570.00 658.00 NOTE
r-release-osx-x86_64 0.2.0 ERROR
r-oldrel-windows-ix86+x86_64 0.2.0 86.00 562.00 648.00 NOTE
r-oldrel-osx-x86_64 0.2.0 ERROR

Check Details

Version: 0.2.0
Check: installed package size
Result: NOTE
     installed size is 12.2Mb
     sub-directories of 1Mb or more:
     R 9.9Mb
     doc 1.4Mb
Flavors: r-devel-linux-x86_64-fedora-clang, r-devel-windows-ix86+x86_64, r-patched-solaris-x86, r-release-windows-ix86+x86_64, r-release-osx-x86_64, r-oldrel-windows-ix86+x86_64, r-oldrel-osx-x86_64

Version: 0.2.0
Check: dependencies in R code
Result: NOTE
    Namespaces in Imports field not imported from:
     ‘SpaDES.tools’ ‘sp’
     All declared Imports should be used.
Flavors: r-devel-linux-x86_64-fedora-clang, r-devel-linux-x86_64-fedora-gcc, r-patched-solaris-x86, r-release-osx-x86_64, r-oldrel-osx-x86_64

Version: 0.2.0
Check: re-building of vignette outputs
Result: WARN
    Error in re-building vignettes:
     ...
    Warning in engine$weave(file, quiet = quiet, encoding = enc) :
     Pandoc (>= 1.12.3) and/or pandoc-citeproc not available. Falling back to R Markdown v1.
    Warning in engine$weave(file, quiet = quiet, encoding = enc) :
     Pandoc (>= 1.12.3) and/or pandoc-citeproc not available. Falling back to R Markdown v1.
    
    Attaching package: 'igraph'
    
    The following objects are masked from 'package:stats':
    
     decompose, spectrum
    
    The following object is masked from 'package:base':
    
     union
    
    Loading required package: quickPlot
    Loading required package: reproducible
    
    Attaching package: 'reproducible'
    
    The following object is masked from 'package:igraph':
    
     %>%
    
    
    Attaching package: 'SpaDES.core'
    
    The following objects are masked from 'package:stats':
    
     end, start
    
    Loading required package: RColorBrewer
    Loading required package: raster
    Loading required package: sp
    Loading required package: grid
    
    Attaching package: 'grid'
    
    The following object is masked from 'package:quickPlot':
    
     gpar
    
    Quitting from lines 364-368 (ii-modules.Rmd)
    Error: processing vignette 'ii-modules.Rmd' failed with diagnostics:
    there is no package called 'webshot'
    Execution halted
Flavor: r-patched-solaris-x86

Version: 0.2.0
Check: tests
Result: ERROR
     Running ‘test-all.R’ [175s/249s]
    Running the tests in ‘tests/test-all.R’ failed.
    Last 13 lines of output:
     ── 1. Error: 3 levels of parent and child modules load and show correctly (@test
     At optimal_modularity.c:85 : GLPK is not available, Unimplemented function call
     1: moduleGraph(mySim, FALSE) at testthat/test-module-deps-methods.R:200
     2: moduleGraph(mySim, FALSE)
     3: cluster_optimal(grph)
    
     Using cached copy of .inputObjects event in child6 module. Adding to memoised copy.
     ══ testthat results ═══════════════════════════════════════════════════════════
     OK: 360 SKIPPED: 35 FAILED: 1
     1. Error: 3 levels of parent and child modules load and show correctly (@test-module-deps-methods.R#200)
    
     Error: testthat unit tests failed
     In addition: Warning message:
     In fun(libname, pkgname) : couldn't connect to display ":0"
     Execution halted
Flavor: r-release-osx-x86_64

Version: 0.2.0
Check: re-building of vignette outputs
Result: WARN
    Error in re-building vignettes:
     ...
     %>%
    
    Warning in fun(libname, pkgname) : couldn't connect to display ":0"
    
    Attaching package: 'SpaDES.core'
    
    The following objects are masked from 'package:stats':
    
     end, start
    
    Loading required package: RColorBrewer
    Loading required package: raster
    Loading required package: sp
    Loading required package: grid
    
    Attaching package: 'grid'
    
    The following object is masked from 'package:quickPlot':
    
     gpar
    
    Quitting from lines 364-368 (ii-modules.Rmd)
    Error: processing vignette 'ii-modules.Rmd' failed with diagnostics:
    cannot open the connection
    Execution halted
Flavors: r-release-osx-x86_64, r-oldrel-osx-x86_64

Version: 0.2.0
Check: tests
Result: ERROR
     Running ‘test-all.R’ [179s/253s]
    Running the tests in ‘tests/test-all.R’ failed.
    Last 13 lines of output:
     ── 1. Error: 3 levels of parent and child modules load and show correctly (@test
     At optimal_modularity.c:85 : GLPK is not available, Unimplemented function call
     1: moduleGraph(mySim, FALSE) at testthat/test-module-deps-methods.R:200
     2: moduleGraph(mySim, FALSE)
     3: cluster_optimal(grph)
    
     Using cached copy of .inputObjects event in child6 module. Adding to memoised copy.
     ══ testthat results ═══════════════════════════════════════════════════════════
     OK: 358 SKIPPED: 35 FAILED: 1
     1. Error: 3 levels of parent and child modules load and show correctly (@test-module-deps-methods.R#200)
    
     Error: testthat unit tests failed
     In addition: Warning message:
     In fun(libname, pkgname) : couldn't connect to display ":0"
     Execution halted
Flavor: r-oldrel-osx-x86_64