Last updated on 2023-10-01 14:55:49 CEST.
Flavor | Version | Tinstall | Tcheck | Ttotal | Status | Flags |
---|---|---|---|---|---|---|
r-devel-linux-x86_64-debian-clang | 2.0.2 | 65.44 | 570.94 | 636.38 | NOTE | |
r-devel-linux-x86_64-debian-gcc | 2.0.2 | 51.36 | 419.87 | 471.23 | NOTE | |
r-devel-linux-x86_64-fedora-clang | 2.0.2 | 492.76 | NOTE | |||
r-devel-linux-x86_64-fedora-gcc | 2.0.2 | 819.83 | NOTE | |||
r-devel-windows-x86_64 | 2.0.2 | 53.00 | 386.00 | 439.00 | NOTE | |
r-patched-linux-x86_64 | 2.0.2 | 58.55 | 537.86 | 596.41 | NOTE | |
r-release-linux-x86_64 | 2.0.2 | 57.74 | 540.56 | 598.30 | NOTE | |
r-release-macos-arm64 | 2.0.2 | 175.00 | NOTE | |||
r-release-macos-x86_64 | 2.0.2 | 542.00 | NOTE | |||
r-release-windows-x86_64 | 2.0.2 | 71.00 | 749.00 | 820.00 | NOTE | |
r-oldrel-macos-arm64 | 2.0.2 | 242.00 | NOTE | |||
r-oldrel-macos-x86_64 | 2.0.2 | 234.00 | NOTE | |||
r-oldrel-windows-x86_64 | 2.0.2 | 74.00 | 471.00 | 545.00 | NOTE |
Version: 2.0.2
Check: package dependencies
Result: NOTE
Package suggested but not available for checking: ‘NLMR’
Flavors: r-devel-linux-x86_64-debian-clang, r-devel-linux-x86_64-debian-gcc, r-devel-linux-x86_64-fedora-clang, r-devel-linux-x86_64-fedora-gcc, r-devel-windows-x86_64, r-patched-linux-x86_64, r-release-linux-x86_64, r-release-macos-arm64, r-release-macos-x86_64, r-release-windows-x86_64, r-oldrel-macos-x86_64, r-oldrel-windows-x86_64
Version: 2.0.2
Check: Rd \usage sections
Result: NOTE
Documented arguments not in \usage in documentation object '.findModuleName':
‘modules’
Documented arguments not in \usage in documentation object '.runCodeChecks':
‘message’
Functions with \usage entries need to have the appropriate \alias
entries, and all their arguments documented.
The \usage entries must correspond to syntactically valid R code.
See chapter ‘Writing R documentation files’ in the ‘Writing R
Extensions’ manual.
Flavors: r-devel-linux-x86_64-debian-clang, r-devel-linux-x86_64-debian-gcc, r-devel-linux-x86_64-fedora-clang, r-devel-linux-x86_64-fedora-gcc, r-devel-windows-x86_64
Version: 2.0.2
Check: installed package size
Result: NOTE
installed size is 6.3Mb
sub-directories of 1Mb or more:
R 4.6Mb
Flavors: r-devel-linux-x86_64-fedora-clang, r-devel-windows-x86_64, r-release-macos-arm64, r-release-macos-x86_64, r-release-windows-x86_64, r-oldrel-macos-arm64, r-oldrel-macos-x86_64, r-oldrel-windows-x86_64