CRAN Package Check Results for Package SpaDES.addins

Last updated on 2019-08-19 21:47:03 CEST.

Flavor Version Tinstall Tcheck Ttotal Status Flags
r-devel-linux-x86_64-debian-clang 0.1.2 18.47 149.05 167.52 OK
r-devel-linux-x86_64-debian-gcc 0.1.2 17.04 118.98 136.02 OK
r-devel-linux-x86_64-fedora-clang 0.1.2 208.13 NOTE
r-devel-linux-x86_64-fedora-gcc 0.1.2 210.54 NOTE
r-devel-windows-ix86+x86_64 0.1.2 64.00 211.00 275.00 OK
r-patched-linux-x86_64 0.1.2 17.42 146.31 163.73 OK
r-patched-solaris-x86 0.1.2 339.70 NOTE
r-release-linux-x86_64 0.1.2 17.13 145.68 162.81 OK
r-release-windows-ix86+x86_64 0.1.2 111.00 158.00 269.00 OK
r-release-osx-x86_64 0.1.2 NOTE
r-oldrel-windows-ix86+x86_64 0.1.2 47.00 220.00 267.00 OK
r-oldrel-osx-x86_64 0.1.2 NOTE

Check Details

Version: 0.1.2
Check: dependencies in R code
Result: NOTE
    Namespaces in Imports field not imported from:
     ‘devtools’ ‘rstudioapi’
     All declared Imports should be used.
Flavors: r-devel-linux-x86_64-fedora-clang, r-devel-linux-x86_64-fedora-gcc, r-patched-solaris-x86, r-release-osx-x86_64, r-oldrel-osx-x86_64