CRAN Package Check Results for Package SpaDES.addins

Last updated on 2020-10-29 08:48:31 CET.

Flavor Version Tinstall Tcheck Ttotal Status Flags
r-devel-linux-x86_64-debian-clang 0.1.2 16.16 152.23 168.39 OK
r-devel-linux-x86_64-debian-gcc 0.1.2 15.56 114.43 129.99 OK
r-devel-linux-x86_64-fedora-clang 0.1.2 213.81 NOTE
r-devel-linux-x86_64-fedora-gcc 0.1.2 205.18 NOTE
r-devel-windows-ix86+x86_64 0.1.2 42.00 168.00 210.00 OK
r-patched-linux-x86_64 0.1.2 14.91 139.02 153.93 OK
r-patched-solaris-x86 0.1.2 292.30 NOTE
r-release-linux-x86_64 0.1.2 15.08 138.62 153.70 OK
r-release-macos-x86_64 0.1.2 NOTE
r-release-windows-ix86+x86_64 0.1.2 30.00 144.00 174.00 OK
r-oldrel-macos-x86_64 0.1.2 NOTE
r-oldrel-windows-ix86+x86_64 0.1.2 36.00 151.00 187.00 OK

Check Details

Version: 0.1.2
Check: dependencies in R code
Result: NOTE
    Namespaces in Imports field not imported from:
     ‘devtools’ ‘rstudioapi’
     All declared Imports should be used.
Flavors: r-devel-linux-x86_64-fedora-clang, r-devel-linux-x86_64-fedora-gcc, r-patched-solaris-x86, r-release-macos-x86_64, r-oldrel-macos-x86_64