CRAN Package Check Results for Package SpaDES.addins

Last updated on 2019-02-21 19:52:38 CET.

Flavor Version Tinstall Tcheck Ttotal Status Flags
r-devel-linux-x86_64-debian-clang 0.1.2 11.60 149.32 160.92 OK
r-devel-linux-x86_64-debian-gcc 0.1.2 11.63 123.59 135.22 OK
r-devel-linux-x86_64-fedora-clang 0.1.2 215.35 NOTE
r-devel-linux-x86_64-fedora-gcc 0.1.2 138.76 NOTE
r-devel-windows-ix86+x86_64 0.1.2 34.00 150.00 184.00 OK
r-patched-linux-x86_64 0.1.2 9.60 141.63 151.23 OK
r-patched-solaris-x86 0.1.2 322.70 NOTE
r-release-linux-x86_64 0.1.2 OK
r-release-windows-ix86+x86_64 0.1.2 23.00 212.00 235.00 OK
r-release-osx-x86_64 0.1.2 NOTE
r-oldrel-windows-ix86+x86_64 0.1.2 25.00 166.00 191.00 OK
r-oldrel-osx-x86_64 0.1.2 NOTE

Check Details

Version: 0.1.2
Check: dependencies in R code
Result: NOTE
    Namespaces in Imports field not imported from:
     ‘devtools’ ‘rstudioapi’
     All declared Imports should be used.
Flavors: r-devel-linux-x86_64-fedora-clang, r-devel-linux-x86_64-fedora-gcc, r-patched-solaris-x86, r-release-osx-x86_64, r-oldrel-osx-x86_64