CRAN Package Check Results for Package SpaDES.addins

Last updated on 2020-08-03 21:48:57 CEST.

Flavor Version Tinstall Tcheck Ttotal Status Flags
r-devel-linux-x86_64-debian-clang 0.1.2 16.46 152.86 169.32 OK
r-devel-linux-x86_64-debian-gcc 0.1.2 16.10 114.07 130.17 OK
r-devel-linux-x86_64-fedora-clang 0.1.2 12.17 ERROR
r-devel-linux-x86_64-fedora-gcc 0.1.2 2.74 ERROR
r-devel-windows-ix86+x86_64 0.1.2 58.00 140.00 198.00 OK
r-patched-linux-x86_64 0.1.2 13.22 146.51 159.73 OK
r-patched-solaris-x86 0.1.2 5.30 ERROR
r-release-linux-x86_64 0.1.2 17.14 147.59 164.73 OK
r-release-macos-x86_64 0.1.2 NOTE
r-release-windows-ix86+x86_64 0.1.2 59.00 220.00 279.00 OK
r-oldrel-macos-x86_64 0.1.2 NOTE
r-oldrel-windows-ix86+x86_64 0.1.2 31.00 130.00 161.00 OK

Check Details

Version: 0.1.2
Check: package dependencies
Result: ERROR
    Package required but not available: ‘reproducible’
    
    See section ‘The DESCRIPTION file’ in the ‘Writing R Extensions’
    manual.
Flavors: r-devel-linux-x86_64-fedora-clang, r-devel-linux-x86_64-fedora-gcc

Version: 0.1.2
Check: package dependencies
Result: ERROR
    Packages required but not available: 'reproducible', 'SpaDES.core'
    
    See section ‘The DESCRIPTION file’ in the ‘Writing R Extensions’
    manual.
Flavor: r-patched-solaris-x86

Version: 0.1.2
Check: dependencies in R code
Result: NOTE
    Namespaces in Imports field not imported from:
     ‘devtools’ ‘rstudioapi’
     All declared Imports should be used.
Flavors: r-release-macos-x86_64, r-oldrel-macos-x86_64