CRAN Package Check Results for Package SomaDataIO

Last updated on 2024-02-25 08:53:15 CET.

Flavor Version Tinstall Tcheck Ttotal Status Flags
r-devel-linux-x86_64-debian-clang 6.0.0 15.29 109.48 124.77 OK
r-devel-linux-x86_64-debian-gcc 6.0.0 13.08 79.88 92.96 OK
r-devel-linux-x86_64-fedora-clang 6.0.0 169.12 NOTE
r-devel-linux-x86_64-fedora-gcc 6.0.0 164.04 OK
r-devel-windows-x86_64 6.0.0 17.00 108.00 125.00 OK
r-patched-linux-x86_64 6.0.0 18.65 102.71 121.36 OK
r-release-linux-x86_64 6.0.0 12.13 104.37 116.50 OK
r-release-macos-arm64 6.0.0 61.00 OK
r-release-macos-x86_64 6.0.0 95.00 NOTE
r-release-windows-x86_64 6.0.0 22.00 132.00 154.00 OK
r-oldrel-macos-arm64 6.0.0 42.00 OK
r-oldrel-windows-x86_64 6.0.0 23.00 140.00 163.00 OK

Check Details

Version: 6.0.0
Check: Rd cross-references
Result: NOTE Undeclared package ‘stringr’ in Rd xrefs Flavor: r-devel-linux-x86_64-fedora-clang

Version: 6.0.0
Check: installed package size
Result: NOTE installed size is 5.6Mb sub-directories of 1Mb or more: data 3.8Mb extdata 1.1Mb Flavor: r-release-macos-x86_64