Last updated on 2023-05-30 20:59:00 CEST.
Flavor | Version | Tinstall | Tcheck | Ttotal | Status | Flags |
---|---|---|---|---|---|---|
r-devel-linux-x86_64-debian-clang | 6.0.0 | 17.14 | 109.56 | 126.70 | OK | |
r-devel-linux-x86_64-debian-gcc | 6.0.0 | 13.53 | 80.17 | 93.70 | OK | |
r-devel-linux-x86_64-fedora-clang | 6.0.0 | 155.53 | NOTE | |||
r-devel-linux-x86_64-fedora-gcc | 6.0.0 | 175.33 | OK | |||
r-devel-windows-x86_64 | 6.0.0 | 21.00 | 113.00 | 134.00 | OK | |
r-patched-linux-x86_64 | 6.0.0 | 20.39 | 99.99 | 120.38 | OK | |
r-release-linux-x86_64 | 6.0.0 | 12.22 | 101.37 | 113.59 | OK | |
r-release-macos-arm64 | 6.0.0 | 61.00 | OK | |||
r-release-macos-x86_64 | 6.0.0 | 95.00 | NOTE | |||
r-release-windows-x86_64 | 6.0.0 | 21.00 | 134.00 | 155.00 | OK | |
r-oldrel-macos-arm64 | 6.0.0 | 42.00 | OK | |||
r-oldrel-macos-x86_64 | 6.0.0 | 73.00 | OK | |||
r-oldrel-windows-x86_64 | 6.0.0 | 24.00 | 142.00 | 166.00 | OK |
Version: 6.0.0
Check: Rd cross-references
Result: NOTE
Undeclared package ‘stringr’ in Rd xrefs
Flavor: r-devel-linux-x86_64-fedora-clang
Version: 6.0.0
Check: installed package size
Result: NOTE
installed size is 5.6Mb
sub-directories of 1Mb or more:
data 3.8Mb
extdata 1.1Mb
Flavor: r-release-macos-x86_64