CRAN Package Check Results for Package Sojourn

Last updated on 2019-11-14 09:49:43 CET.

Flavor Version Tinstall Tcheck Ttotal Status Flags
r-devel-linux-x86_64-debian-clang 0.1.0 6.08 70.60 76.68 OK
r-devel-linux-x86_64-debian-gcc 0.1.0 4.64 53.95 58.59 OK
r-devel-linux-x86_64-fedora-clang 0.1.0 89.50 NOTE
r-devel-linux-x86_64-fedora-gcc 0.1.0 88.70 NOTE
r-devel-windows-ix86+x86_64 0.1.0 24.00 115.00 139.00 OK
r-patched-linux-x86_64 0.1.0 5.85 67.13 72.98 OK
r-patched-solaris-x86 0.1.0 126.10 NOTE
r-release-linux-x86_64 0.1.0 5.28 68.04 73.32 OK
r-release-windows-ix86+x86_64 0.1.0 15.00 110.00 125.00 OK
r-release-osx-x86_64 0.1.0 NOTE
r-oldrel-windows-ix86+x86_64 0.1.0 10.00 84.00 94.00 OK
r-oldrel-osx-x86_64 0.1.0 NOTE

Check Details

Version: 0.1.0
Check: dependencies in R code
Result: NOTE
    Namespaces in Imports field not imported from:
     ‘AGread’ ‘caret’
     All declared Imports should be used.
Flavors: r-devel-linux-x86_64-fedora-clang, r-devel-linux-x86_64-fedora-gcc, r-patched-solaris-x86, r-release-osx-x86_64, r-oldrel-osx-x86_64