CRAN Package Check Results for Package Sojourn

Last updated on 2020-06-04 15:49:23 CEST.

Flavor Version Tinstall Tcheck Ttotal Status Flags
r-devel-linux-x86_64-debian-clang 0.1.0 5.96 78.10 84.06 OK
r-devel-linux-x86_64-debian-gcc 0.1.0 4.01 59.58 63.59 OK
r-devel-linux-x86_64-fedora-clang 0.1.0 109.09 NOTE
r-devel-linux-x86_64-fedora-gcc 0.1.0 98.02 NOTE
r-devel-windows-ix86+x86_64 0.1.0 19.00 93.00 112.00 OK
r-patched-linux-x86_64 0.1.0 6.90 77.25 84.15 OK
r-patched-solaris-x86 0.1.0 139.30 NOTE
r-release-linux-x86_64 0.1.0 4.13 76.95 81.08 OK
r-release-osx-x86_64 0.1.0 NOTE
r-release-windows-ix86+x86_64 0.1.0 15.00 91.00 106.00 OK
r-oldrel-osx-x86_64 0.1.0 NOTE
r-oldrel-windows-ix86+x86_64 0.1.0 20.00 116.00 136.00 OK

Check Details

Version: 0.1.0
Check: dependencies in R code
Result: NOTE
    Namespaces in Imports field not imported from:
     ‘AGread’ ‘caret’
     All declared Imports should be used.
Flavors: r-devel-linux-x86_64-fedora-clang, r-devel-linux-x86_64-fedora-gcc, r-patched-solaris-x86, r-release-osx-x86_64, r-oldrel-osx-x86_64