CRAN Package Check Results for Package Sojourn.Data

Last updated on 2019-12-14 03:49:12 CET.

Flavor Version Tinstall Tcheck Ttotal Status Flags
r-devel-linux-x86_64-debian-clang 0.1.0 11.21 37.44 48.65 OK
r-devel-linux-x86_64-debian-gcc 0.1.0 10.54 31.76 42.30 OK
r-devel-linux-x86_64-fedora-clang 0.1.0 61.51 NOTE
r-devel-linux-x86_64-fedora-gcc 0.1.0 60.33 NOTE
r-devel-windows-ix86+x86_64 0.1.0 20.00 79.00 99.00 NOTE
r-devel-windows-ix86+x86_64-gcc8 0.1.0 21.00 70.00 91.00 NOTE
r-patched-linux-x86_64 0.1.0 11.12 34.78 45.90 OK
r-patched-solaris-x86 0.1.0 85.80 NOTE
r-release-linux-x86_64 0.1.0 10.72 34.47 45.19 OK
r-release-windows-ix86+x86_64 0.1.0 17.00 45.00 62.00 NOTE
r-release-osx-x86_64 0.1.0 NOTE
r-oldrel-windows-ix86+x86_64 0.1.0 15.00 45.00 60.00 NOTE
r-oldrel-osx-x86_64 0.1.0 NOTE

Check Details

Version: 0.1.0
Check: installed package size
Result: NOTE
     installed size is 11.8Mb
     sub-directories of 1Mb or more:
     data 11.7Mb
Flavors: r-devel-linux-x86_64-fedora-clang, r-devel-windows-ix86+x86_64, r-devel-windows-ix86+x86_64-gcc8, r-patched-solaris-x86, r-release-windows-ix86+x86_64, r-release-osx-x86_64, r-oldrel-windows-ix86+x86_64, r-oldrel-osx-x86_64

Version: 0.1.0
Check: dependencies in R code
Result: NOTE
    Namespaces in Imports field not imported from:
     ‘caret’ ‘nnet’
     All declared Imports should be used.
Flavors: r-devel-linux-x86_64-fedora-clang, r-devel-linux-x86_64-fedora-gcc, r-patched-solaris-x86, r-release-osx-x86_64, r-oldrel-osx-x86_64