CRAN Package Check Results for Package Sojourn.Data

Last updated on 2020-07-09 22:48:59 CEST.

Flavor Version Tinstall Tcheck Ttotal Status Flags
r-devel-linux-x86_64-debian-clang 0.1.0 12.16 39.49 51.65 OK
r-devel-linux-x86_64-debian-gcc 0.1.0 10.59 31.48 42.07 OK
r-devel-linux-x86_64-fedora-clang 0.1.0 72.41 NOTE
r-devel-linux-x86_64-fedora-gcc 0.1.0 61.96 NOTE
r-devel-windows-ix86+x86_64 0.1.0 21.00 61.00 82.00 NOTE
r-patched-linux-x86_64 0.1.0 13.26 38.65 51.91 OK
r-patched-solaris-x86 0.1.0 91.50 NOTE
r-release-linux-x86_64 0.1.0 12.16 38.78 50.94 OK
r-release-osx-x86_64 0.1.0 NOTE
r-release-windows-ix86+x86_64 0.1.0 16.00 57.00 73.00 NOTE
r-oldrel-osx-x86_64 0.1.0 NOTE
r-oldrel-windows-ix86+x86_64 0.1.0 20.00 50.00 70.00 NOTE

Check Details

Version: 0.1.0
Check: installed package size
Result: NOTE
     installed size is 11.8Mb
     sub-directories of 1Mb or more:
     data 11.7Mb
Flavors: r-devel-linux-x86_64-fedora-clang, r-devel-windows-ix86+x86_64, r-patched-solaris-x86, r-release-osx-x86_64, r-release-windows-ix86+x86_64, r-oldrel-osx-x86_64, r-oldrel-windows-ix86+x86_64

Version: 0.1.0
Check: dependencies in R code
Result: NOTE
    Namespaces in Imports field not imported from:
     ‘caret’ ‘nnet’
     All declared Imports should be used.
Flavors: r-devel-linux-x86_64-fedora-clang, r-devel-linux-x86_64-fedora-gcc, r-patched-solaris-x86, r-release-osx-x86_64, r-oldrel-osx-x86_64