CRAN Package Check Results for Package SmoothHazard

Last updated on 2022-08-18 00:54:27 CEST.

Flavor Version Tinstall Tcheck Ttotal Status Flags
r-devel-linux-x86_64-debian-clang 1.4.1 19.24 93.65 112.89 NOTE
r-devel-linux-x86_64-debian-gcc 1.4.1 NOTE
r-devel-linux-x86_64-fedora-clang 1.4.1 157.24 NOTE
r-devel-linux-x86_64-fedora-gcc 1.4.1 159.65 NOTE
r-devel-windows-x86_64 1.4.1 42.00 129.00 171.00 NOTE
r-patched-linux-x86_64 1.4.1 26.59 89.80 116.39 OK
r-release-linux-x86_64 1.4.1 17.80 90.44 108.24 OK
r-release-macos-arm64 1.4.1 49.00 OK
r-release-macos-x86_64 1.4.1 80.00 OK
r-release-windows-x86_64 1.4.1 50.00 131.00 181.00 OK
r-oldrel-macos-arm64 1.4.1 57.00 OK
r-oldrel-macos-x86_64 1.4.1 85.00 OK
r-oldrel-windows-ix86+x86_64 1.4.1 56.00 162.00 218.00 OK

Check Details

Version: 1.4.1
Check: HTML version of manual
Result: NOTE
    Found the following math rendering problems:
    shr.Rd:13: Undefined control sequence: \texttildelow in \texttildelow
Flavors: r-devel-linux-x86_64-debian-clang, r-devel-linux-x86_64-debian-gcc, r-devel-linux-x86_64-fedora-clang, r-devel-linux-x86_64-fedora-gcc, r-devel-windows-x86_64