CRAN Package Check Results for Package Smisc

Last updated on 2019-04-19 21:47:10 CEST.

Flavor Version Tinstall Tcheck Ttotal Status Flags
r-devel-linux-x86_64-debian-clang 0.3.9 8.09 43.10 51.19 ERROR
r-devel-linux-x86_64-debian-gcc 0.3.9 6.02 34.70 40.72 ERROR
r-devel-linux-x86_64-fedora-clang 0.3.9 61.44 ERROR
r-devel-linux-x86_64-fedora-gcc 0.3.9 55.97 ERROR
r-devel-windows-ix86+x86_64 0.3.9 26.00 153.00 179.00 ERROR
r-patched-linux-x86_64 0.3.9 7.60 42.74 50.34 ERROR
r-patched-solaris-x86 0.3.9 122.60 ERROR
r-release-linux-x86_64 0.3.9 6.02 40.42 46.44 OK
r-release-windows-ix86+x86_64 0.3.9 15.00 115.00 130.00 OK
r-release-osx-x86_64 0.3.9 OK
r-oldrel-windows-ix86+x86_64 0.3.9 13.00 175.00 188.00 OK
r-oldrel-osx-x86_64 0.3.9 OK

Check Details

Version: 0.3.9
Check: tests
Result: ERROR
     Running 'testthat.R' [3s/22s]
    Running the tests in 'tests/testthat.R' failed.
    Complete output:
     > # setting R_TESTS to empty string because of
     > # https://github.com/hadley/testthat/issues/144
     > # https://github.com/hadley/testthat/issues/86
     > # revert this when that issue in R is fixed.
     > Sys.setenv("R_TESTS" = "")
     >
     > library(testthat)
     > library(Smisc)
     >
     > # There shouldn't be any files in the tmp folder
     > unlink("testthat/tmp", recursive = TRUE, force = TRUE)
     > dir.create("testthat/tmp")
     >
     > test_check("Smisc")
     -- 1. Failure: parseJob() doesn't deviate from historical behavior (@test_parseJ
     `xout` not equal to `xin`.
     Component "x2": Component 1: Mean relative difference: 0.8461538
     Component "x2": Component 2: Mean relative difference: 0.7532468
     Component "x2": Component 3: Mean relative difference: 0.5416667
     Component "x2": Component 4: Mean relative difference: 0.34375
     Component "x2": Component 5: Mean relative difference: 0.5441176
    
     == testthat results ===========================================================
     OK: 275 SKIPPED: 0 FAILED: 1
     1. Failure: parseJob() doesn't deviate from historical behavior (@test_parseJob.R#18)
    
     Error: testthat unit tests failed
     Execution halted
Flavor: r-devel-linux-x86_64-debian-clang

Version: 0.3.9
Check: tests
Result: ERROR
     Running ‘testthat.R’ [3s/27s]
    Running the tests in ‘tests/testthat.R’ failed.
    Complete output:
     > # setting R_TESTS to empty string because of
     > # https://github.com/hadley/testthat/issues/144
     > # https://github.com/hadley/testthat/issues/86
     > # revert this when that issue in R is fixed.
     > Sys.setenv("R_TESTS" = "")
     >
     > library(testthat)
     > library(Smisc)
     >
     > # There shouldn't be any files in the tmp folder
     > unlink("testthat/tmp", recursive = TRUE, force = TRUE)
     > dir.create("testthat/tmp")
     >
     > test_check("Smisc")
     ── 1. Failure: parseJob() doesn't deviate from historical behavior (@test_parseJ
     `xout` not equal to `xin`.
     Component "x2": Component 1: Mean relative difference: 0.8461538
     Component "x2": Component 2: Mean relative difference: 0.7532468
     Component "x2": Component 3: Mean relative difference: 0.5416667
     Component "x2": Component 4: Mean relative difference: 0.34375
     Component "x2": Component 5: Mean relative difference: 0.5441176
    
     ══ testthat results ═══════════════════════════════════════════════════════════
     OK: 275 SKIPPED: 0 FAILED: 1
     1. Failure: parseJob() doesn't deviate from historical behavior (@test_parseJob.R#18)
    
     Error: testthat unit tests failed
     Execution halted
Flavor: r-devel-linux-x86_64-debian-gcc

Version: 0.3.9
Check: tests
Result: ERROR
     Running ‘testthat.R’ [4s/45s]
    Running the tests in ‘tests/testthat.R’ failed.
    Complete output:
     > # setting R_TESTS to empty string because of
     > # https://github.com/hadley/testthat/issues/144
     > # https://github.com/hadley/testthat/issues/86
     > # revert this when that issue in R is fixed.
     > Sys.setenv("R_TESTS" = "")
     >
     > library(testthat)
     > library(Smisc)
     >
     > # There shouldn't be any files in the tmp folder
     > unlink("testthat/tmp", recursive = TRUE, force = TRUE)
     > dir.create("testthat/tmp")
     >
     > test_check("Smisc")
     ── 1. Failure: parseJob() doesn't deviate from historical behavior (@test_parseJ
     `xout` not equal to `xin`.
     Component "x2": Component 1: Mean relative difference: 0.8461538
     Component "x2": Component 2: Mean relative difference: 0.7532468
     Component "x2": Component 3: Mean relative difference: 0.5416667
     Component "x2": Component 4: Mean relative difference: 0.34375
     Component "x2": Component 5: Mean relative difference: 0.5441176
    
     ══ testthat results ═══════════════════════════════════════════════════════════
     OK: 275 SKIPPED: 0 FAILED: 1
     1. Failure: parseJob() doesn't deviate from historical behavior (@test_parseJob.R#18)
    
     Error: testthat unit tests failed
     Execution halted
Flavor: r-devel-linux-x86_64-fedora-clang

Version: 0.3.9
Check: tests
Result: ERROR
     Running ‘testthat.R’ [4s/27s]
    Running the tests in ‘tests/testthat.R’ failed.
    Complete output:
     > # setting R_TESTS to empty string because of
     > # https://github.com/hadley/testthat/issues/144
     > # https://github.com/hadley/testthat/issues/86
     > # revert this when that issue in R is fixed.
     > Sys.setenv("R_TESTS" = "")
     >
     > library(testthat)
     > library(Smisc)
     >
     > # There shouldn't be any files in the tmp folder
     > unlink("testthat/tmp", recursive = TRUE, force = TRUE)
     > dir.create("testthat/tmp")
     >
     > test_check("Smisc")
     ── 1. Failure: parseJob() doesn't deviate from historical behavior (@test_parseJ
     `xout` not equal to `xin`.
     Component "x2": Component 1: Mean relative difference: 0.8461538
     Component "x2": Component 2: Mean relative difference: 0.7532468
     Component "x2": Component 3: Mean relative difference: 0.5416667
     Component "x2": Component 4: Mean relative difference: 0.34375
     Component "x2": Component 5: Mean relative difference: 0.5441176
    
     ══ testthat results ═══════════════════════════════════════════════════════════
     OK: 275 SKIPPED: 0 FAILED: 1
     1. Failure: parseJob() doesn't deviate from historical behavior (@test_parseJob.R#18)
    
     Error: testthat unit tests failed
     Execution halted
Flavor: r-devel-linux-x86_64-fedora-gcc

Version: 0.3.9
Check: running tests for arch ‘i386’
Result: ERROR
     Running 'testthat.R' [24s]
    Running the tests in 'tests/testthat.R' failed.
    Complete output:
     > # setting R_TESTS to empty string because of
     > # https://github.com/hadley/testthat/issues/144
     > # https://github.com/hadley/testthat/issues/86
     > # revert this when that issue in R is fixed.
     > Sys.setenv("R_TESTS" = "")
     >
     > library(testthat)
     > library(Smisc)
     >
     > # There shouldn't be any files in the tmp folder
     > unlink("testthat/tmp", recursive = TRUE, force = TRUE)
     > dir.create("testthat/tmp")
     >
     > test_check("Smisc")
     -- 1. Failure: parseJob() doesn't deviate from historical behavior (@test_parseJ
     `xout` not equal to `xin`.
     Component "x2": Component 1: Mean relative difference: 0.8461538
     Component "x2": Component 2: Mean relative difference: 0.7532468
     Component "x2": Component 3: Mean relative difference: 0.5416667
     Component "x2": Component 4: Mean relative difference: 0.34375
     Component "x2": Component 5: Mean relative difference: 0.5441176
    
     == testthat results ===========================================================
     OK: 287 SKIPPED: 0 FAILED: 1
     1. Failure: parseJob() doesn't deviate from historical behavior (@test_parseJob.R#18)
    
     Error: testthat unit tests failed
     Execution halted
Flavor: r-devel-windows-ix86+x86_64

Version: 0.3.9
Check: running tests for arch ‘x64’
Result: ERROR
     Running 'testthat.R' [23s]
    Running the tests in 'tests/testthat.R' failed.
    Complete output:
     > # setting R_TESTS to empty string because of
     > # https://github.com/hadley/testthat/issues/144
     > # https://github.com/hadley/testthat/issues/86
     > # revert this when that issue in R is fixed.
     > Sys.setenv("R_TESTS" = "")
     >
     > library(testthat)
     > library(Smisc)
     >
     > # There shouldn't be any files in the tmp folder
     > unlink("testthat/tmp", recursive = TRUE, force = TRUE)
     > dir.create("testthat/tmp")
     >
     > test_check("Smisc")
     -- 1. Failure: parseJob() doesn't deviate from historical behavior (@test_parseJ
     `xout` not equal to `xin`.
     Component "x2": Component 1: Mean relative difference: 0.8461538
     Component "x2": Component 2: Mean relative difference: 0.7532468
     Component "x2": Component 3: Mean relative difference: 0.5416667
     Component "x2": Component 4: Mean relative difference: 0.34375
     Component "x2": Component 5: Mean relative difference: 0.5441176
    
     == testthat results ===========================================================
     OK: 286 SKIPPED: 0 FAILED: 1
     1. Failure: parseJob() doesn't deviate from historical behavior (@test_parseJob.R#18)
    
     Error: testthat unit tests failed
     Execution halted
Flavor: r-devel-windows-ix86+x86_64

Version: 0.3.9
Check: tests
Result: ERROR
     Running ‘testthat.R’ [3s/23s]
    Running the tests in ‘tests/testthat.R’ failed.
    Complete output:
     > # setting R_TESTS to empty string because of
     > # https://github.com/hadley/testthat/issues/144
     > # https://github.com/hadley/testthat/issues/86
     > # revert this when that issue in R is fixed.
     > Sys.setenv("R_TESTS" = "")
     >
     > library(testthat)
     > library(Smisc)
     >
     > # There shouldn't be any files in the tmp folder
     > unlink("testthat/tmp", recursive = TRUE, force = TRUE)
     > dir.create("testthat/tmp")
     >
     > test_check("Smisc")
     ── 1. Failure: parseJob() doesn't deviate from historical behavior (@test_parseJ
     `xout` not equal to `xin`.
     Component "x2": Component 1: Mean relative difference: 0.8461538
     Component "x2": Component 2: Mean relative difference: 0.7532468
     Component "x2": Component 3: Mean relative difference: 0.5416667
     Component "x2": Component 4: Mean relative difference: 0.34375
     Component "x2": Component 5: Mean relative difference: 0.5441176
    
     ══ testthat results ═══════════════════════════════════════════════════════════
     OK: 275 SKIPPED: 0 FAILED: 1
     1. Failure: parseJob() doesn't deviate from historical behavior (@test_parseJob.R#18)
    
     Error: testthat unit tests failed
     Execution halted
Flavor: r-patched-linux-x86_64

Version: 0.3.9
Check: tests
Result: ERROR
     Running ‘testthat.R’ [39s/43s]
    Running the tests in ‘tests/testthat.R’ failed.
    Complete output:
     > # setting R_TESTS to empty string because of
     > # https://github.com/hadley/testthat/issues/144
     > # https://github.com/hadley/testthat/issues/86
     > # revert this when that issue in R is fixed.
     > Sys.setenv("R_TESTS" = "")
     >
     > library(testthat)
     > library(Smisc)
     >
     > # There shouldn't be any files in the tmp folder
     > unlink("testthat/tmp", recursive = TRUE, force = TRUE)
     > dir.create("testthat/tmp")
     >
     > test_check("Smisc")
     ── 1. Failure: parseJob() doesn't deviate from historical behavior (@test_parseJ
     `xout` not equal to `xin`.
     Component "x2": Component 1: Mean relative difference: 0.8461538
     Component "x2": Component 2: Mean relative difference: 0.7532468
     Component "x2": Component 3: Mean relative difference: 0.5416667
     Component "x2": Component 4: Mean relative difference: 0.34375
     Component "x2": Component 5: Mean relative difference: 0.5441176
    
     ══ testthat results ═══════════════════════════════════════════════════════════
     OK: 275 SKIPPED: 0 FAILED: 1
     1. Failure: parseJob() doesn't deviate from historical behavior (@test_parseJob.R#18)
    
     Error: testthat unit tests failed
     Execution halted
Flavor: r-patched-solaris-x86