Last updated on 2022-08-08 16:54:36 CEST.
Flavor | Version | Tinstall | Tcheck | Ttotal | Status | Flags |
---|---|---|---|---|---|---|
r-devel-linux-x86_64-debian-clang | 1.0-3 | 5.70 | 236.72 | 242.42 | OK | |
r-devel-linux-x86_64-debian-gcc | 1.0-3 | 4.21 | 175.06 | 179.27 | OK | |
r-devel-linux-x86_64-fedora-clang | 1.0-3 | 312.94 | NOTE | |||
r-devel-linux-x86_64-fedora-gcc | 1.0-3 | 293.44 | OK | |||
r-devel-windows-x86_64 | 1.0-3 | 118.00 | 496.00 | 614.00 | NOTE | |
r-patched-linux-x86_64 | 1.0-3 | 8.31 | 224.48 | 232.79 | OK | |
r-release-linux-x86_64 | 1.0-3 | OK | ||||
r-release-macos-arm64 | 1.0-3 | 97.00 | NOTE | |||
r-release-macos-x86_64 | 1.0-3 | 130.00 | NOTE | |||
r-release-windows-x86_64 | 1.0-3 | 127.00 | 479.00 | 606.00 | NOTE | |
r-oldrel-macos-arm64 | 1.0-3 | 142.00 | NOTE | |||
r-oldrel-macos-x86_64 | 1.0-3 | 255.00 | NOTE | |||
r-oldrel-windows-ix86+x86_64 | 1.0-3 | 12.00 | 484.00 | 496.00 | NOTE |
Version: 1.0-3
Check: installed package size
Result: NOTE
installed size is 5.1Mb
sub-directories of 1Mb or more:
doc 3.7Mb
Flavors: r-devel-linux-x86_64-fedora-clang, r-devel-windows-x86_64, r-release-macos-arm64, r-release-macos-x86_64, r-release-windows-x86_64, r-oldrel-macos-arm64, r-oldrel-macos-x86_64, r-oldrel-windows-ix86+x86_64