CRAN Package Check Results for Package SimilaR

Last updated on 2023-03-21 10:52:26 CET.

Flavor Version Tinstall Tcheck Ttotal Status Flags
r-devel-linux-x86_64-debian-clang 1.0.8 97.85 34.21 132.06 NOTE
r-devel-linux-x86_64-debian-gcc 1.0.8 83.94 27.89 111.83 NOTE
r-devel-linux-x86_64-fedora-clang 1.0.8 212.51 NOTE
r-devel-linux-x86_64-fedora-gcc 1.0.8 199.58 NOTE
r-devel-windows-x86_64 1.0.8 110.00 83.00 193.00 NOTE
r-patched-linux-x86_64 1.0.8 87.20 34.71 121.91 OK
r-release-linux-x86_64 1.0.8 84.67 35.14 119.81 OK
r-release-macos-arm64 1.0.8 49.00 NOTE
r-release-macos-x86_64 1.0.8 66.00 NOTE
r-release-windows-x86_64 1.0.8 128.00 87.00 215.00 OK
r-oldrel-macos-arm64 1.0.8 59.00 NOTE
r-oldrel-macos-x86_64 1.0.8 103.00 NOTE
r-oldrel-windows-ix86+x86_64 1.0.8 254.00 101.00 355.00 OK

Check Details

Version: 1.0.8
Check: C++ specification
Result: NOTE
     Specified C++11: please drop specification unless essential
Flavors: r-devel-linux-x86_64-debian-clang, r-devel-linux-x86_64-debian-gcc, r-devel-linux-x86_64-fedora-clang, r-devel-linux-x86_64-fedora-gcc, r-devel-windows-x86_64

Version: 1.0.8
Check: installed package size
Result: NOTE
     installed size is 5.5Mb
     sub-directories of 1Mb or more:
     libs 5.3Mb
Flavors: r-release-macos-arm64, r-release-macos-x86_64, r-oldrel-macos-arm64, r-oldrel-macos-x86_64