CRAN Package Check Results for Package SimTimeVar

Last updated on 2019-08-24 22:46:38 CEST.

Flavor Version Tinstall Tcheck Ttotal Status Flags
r-devel-linux-x86_64-debian-clang 1.0.0 5.35 43.58 48.93 OK
r-devel-linux-x86_64-debian-gcc 1.0.0 4.67 33.77 38.44 OK
r-devel-linux-x86_64-fedora-clang 1.0.0 57.68 NOTE
r-devel-linux-x86_64-fedora-gcc 1.0.0 56.27 NOTE
r-devel-windows-ix86+x86_64 1.0.0 13.00 87.00 100.00 OK
r-patched-linux-x86_64 1.0.0 5.28 41.70 46.98 OK
r-patched-solaris-x86 1.0.0 90.10 NOTE
r-release-linux-x86_64 1.0.0 4.54 42.07 46.61 OK
r-release-windows-ix86+x86_64 1.0.0 35.00 90.00 125.00 OK
r-release-osx-x86_64 1.0.0 NOTE
r-oldrel-windows-ix86+x86_64 1.0.0 10.00 82.00 92.00 OK
r-oldrel-osx-x86_64 1.0.0 NOTE

Check Details

Version: 1.0.0
Check: dependencies in R code
Result: NOTE
    Namespace in Imports field not imported from: ‘metafor’
     All declared Imports should be used.
Flavors: r-devel-linux-x86_64-fedora-clang, r-devel-linux-x86_64-fedora-gcc, r-patched-solaris-x86, r-release-osx-x86_64, r-oldrel-osx-x86_64