CRAN Package Check Results for Package SimSurvey

Last updated on 2022-08-08 16:54:36 CEST.

Flavor Version Tinstall Tcheck Ttotal Status Flags
r-devel-linux-x86_64-debian-clang 0.1.5 36.91 358.52 395.43 NOTE
r-devel-linux-x86_64-debian-gcc 0.1.5 27.70 260.71 288.41 NOTE
r-devel-linux-x86_64-fedora-clang 0.1.5 475.17 OK
r-devel-linux-x86_64-fedora-gcc 0.1.5 452.94 OK
r-devel-windows-x86_64 0.1.5 64.00 341.00 405.00 NOTE
r-patched-linux-x86_64 0.1.5 23.91 334.86 358.77 NOTE
r-release-linux-x86_64 0.1.5 NOTE
r-release-macos-arm64 0.1.5 95.00 NOTE
r-release-macos-x86_64 0.1.5 168.00 NOTE
r-release-windows-x86_64 0.1.5 65.00 364.00 429.00 NOTE
r-oldrel-macos-arm64 0.1.5 92.00 NOTE
r-oldrel-macos-x86_64 0.1.5 126.00 NOTE
r-oldrel-windows-ix86+x86_64 0.1.5 75.00 358.00 433.00 OK

Check Details

Version: 0.1.5
Check: package dependencies
Result: NOTE
    Package suggested but not available for checking: 'INLA'
Flavors: r-devel-linux-x86_64-debian-clang, r-devel-linux-x86_64-debian-gcc, r-devel-windows-x86_64, r-patched-linux-x86_64, r-release-linux-x86_64, r-release-macos-arm64, r-release-macos-x86_64, r-release-windows-x86_64, r-oldrel-macos-arm64, r-oldrel-macos-x86_64