CRAN Package Check Results for Package SimSCRPiecewise

Last updated on 2022-08-12 18:49:55 CEST.

Flavor Version Tinstall Tcheck Ttotal Status Flags
r-devel-linux-x86_64-debian-clang 0.1.1 2.51 21.58 24.09 NOTE
r-devel-linux-x86_64-debian-gcc 0.1.1 1.94 17.06 19.00 NOTE
r-devel-linux-x86_64-fedora-clang 0.1.1 39.84 NOTE
r-devel-linux-x86_64-fedora-gcc 0.1.1 39.04 NOTE
r-devel-windows-x86_64 0.1.1 22.00 43.00 65.00 NOTE
r-patched-linux-x86_64 0.1.1 2.46 21.38 23.84 NOTE
r-release-linux-x86_64 0.1.1 2.41 21.37 23.78 NOTE
r-release-macos-arm64 0.1.1 14.00 NOTE
r-release-macos-x86_64 0.1.1 20.00 NOTE
r-release-windows-x86_64 0.1.1 6.00 41.00 47.00 NOTE
r-oldrel-macos-arm64 0.1.1 17.00 NOTE
r-oldrel-macos-x86_64 0.1.1 25.00 NOTE
r-oldrel-windows-ix86+x86_64 0.1.1 5.00 34.00 39.00 NOTE

Check Details

Version: 0.1.1
Check: LazyData
Result: NOTE
     'LazyData' is specified without a 'data' directory
Flavors: r-devel-linux-x86_64-debian-clang, r-devel-linux-x86_64-debian-gcc, r-devel-linux-x86_64-fedora-clang, r-devel-linux-x86_64-fedora-gcc, r-devel-windows-x86_64, r-patched-linux-x86_64, r-release-linux-x86_64, r-release-macos-arm64, r-release-macos-x86_64, r-release-windows-x86_64, r-oldrel-macos-arm64, r-oldrel-macos-x86_64, r-oldrel-windows-ix86+x86_64