CRAN Package Check Results for Package SimEvolEnzCons

Last updated on 2022-08-09 00:52:33 CEST.

Flavor Version Tinstall Tcheck Ttotal Status Flags
r-devel-linux-x86_64-debian-clang 2.0.0 13.29 105.33 118.62 NOTE
r-devel-linux-x86_64-debian-gcc 2.0.0 8.06 74.02 82.08 NOTE
r-devel-linux-x86_64-fedora-clang 2.0.0 138.31 OK
r-devel-linux-x86_64-fedora-gcc 2.0.0 137.45 OK
r-devel-windows-x86_64 2.0.0 31.00 124.00 155.00 OK
r-patched-linux-x86_64 2.0.0 10.21 92.39 102.60 OK
r-release-linux-x86_64 2.0.0 OK
r-release-macos-arm64 2.0.0 36.00 OK
r-release-macos-x86_64 2.0.0 49.00 OK
r-release-windows-x86_64 2.0.0 93.00 115.00 208.00 OK
r-oldrel-macos-arm64 2.0.0 37.00 OK
r-oldrel-macos-x86_64 2.0.0 51.00 OK
r-oldrel-windows-ix86+x86_64 2.0.0 22.00 118.00 140.00 OK

Check Details

Version: 2.0.0
Check: HTML version of manual
Result: NOTE
    Found the following math rendering problems:
    range_delta.Rd:26: Undefined control sequence: \link in ...function \code{\link{mut.E.indirect...
Flavors: r-devel-linux-x86_64-debian-clang, r-devel-linux-x86_64-debian-gcc