CRAN Package Check Results for Package Seurat

Last updated on 2024-04-21 23:50:55 CEST.

Flavor Version Tinstall Tcheck Ttotal Status Flags
r-devel-linux-x86_64-debian-clang 5.0.3 158.65 643.36 802.01 NOTE
r-devel-linux-x86_64-debian-gcc 5.0.3 126.22 465.93 592.15 NOTE
r-devel-linux-x86_64-fedora-clang 5.0.3 1104.13 NOTE
r-devel-linux-x86_64-fedora-gcc 5.0.3 1023.45 NOTE
r-prerel-macos-arm64 5.0.3 223.00 NOTE
r-prerel-macos-x86_64 5.0.3 534.00 NOTE
r-prerel-windows-x86_64 5.0.3 127.00 1245.00 1372.00 NOTE
r-patched-linux-x86_64 5.0.3 181.11 619.80 800.91 NOTE
r-release-linux-x86_64 5.0.3 152.22 631.31 783.53 NOTE
r-release-macos-arm64 5.0.3 233.00 NOTE
r-release-macos-x86_64 5.0.3 589.00 NOTE
r-release-windows-x86_64 5.0.3 163.00 853.00 1016.00 NOTE
r-oldrel-macos-arm64 5.0.3 220.00 NOTE
r-oldrel-windows-x86_64 5.0.3 167.00 874.00 1041.00 NOTE

Check Details

Version: 5.0.3
Check: package dependencies
Result: NOTE Packages suggested but not available for checking: 'BPCells', 'SummarizedExperiment', 'SingleCellExperiment', 'MAST', 'DESeq2', 'GenomicRanges', 'GenomeInfoDb', 'rtracklayer', 'presto', 'DelayedArray' Flavor: r-devel-linux-x86_64-debian-clang

Version: 5.0.3
Check: package dependencies
Result: NOTE Packages suggested but not available for checking: 'BPCells', 'SummarizedExperiment', 'SingleCellExperiment', 'MAST', 'DESeq2', 'rtracklayer', 'presto', 'DelayedArray' Flavor: r-devel-linux-x86_64-debian-gcc

Version: 5.0.3
Check: package dependencies
Result: NOTE Packages suggested but not available for checking: 'BPCells', 'monocle', 'presto' Imports includes 47 non-default packages. Importing from so many packages makes the package vulnerable to any of them becoming unavailable. Move as many as possible to Suggests and use conditionally. Flavor: r-devel-linux-x86_64-fedora-clang

Version: 5.0.3
Check: Rd cross-references
Result: NOTE Undeclared package ‘Signac’ in Rd xrefs Flavor: r-devel-linux-x86_64-fedora-clang

Version: 5.0.3
Check: package dependencies
Result: NOTE Packages suggested but not available for checking: 'BPCells', 'monocle', 'presto' Flavors: r-devel-linux-x86_64-fedora-gcc, r-prerel-macos-arm64, r-prerel-macos-x86_64, r-release-macos-arm64, r-release-macos-x86_64, r-oldrel-macos-arm64

Version: 5.0.3
Check: installed package size
Result: NOTE installed size is 11.2Mb sub-directories of 1Mb or more: R 2.1Mb libs 8.2Mb Flavors: r-prerel-macos-arm64, r-prerel-macos-x86_64, r-release-macos-arm64, r-release-macos-x86_64, r-oldrel-macos-arm64

Version: 5.0.3
Check: package dependencies
Result: NOTE Packages suggested but not available for checking: 'BPCells', 'presto' Flavors: r-prerel-windows-x86_64, r-patched-linux-x86_64, r-release-linux-x86_64, r-release-windows-x86_64, r-oldrel-windows-x86_64