Last updated on 2023-03-31 14:53:38 CEST.
Flavor | Version | Tinstall | Tcheck | Ttotal | Status | Flags |
---|---|---|---|---|---|---|
r-devel-linux-x86_64-debian-clang | 4.3.0 | 137.83 | 481.18 | 619.01 | NOTE | |
r-devel-linux-x86_64-debian-gcc | 4.3.0 | 114.77 | 350.22 | 464.99 | NOTE | |
r-devel-linux-x86_64-fedora-clang | 4.3.0 | 859.56 | NOTE | |||
r-devel-linux-x86_64-fedora-gcc | 4.3.0 | 807.29 | NOTE | |||
r-devel-windows-x86_64 | 4.3.0 | 273.00 | 0.00 | 273.00 | NOTE | |
r-patched-linux-x86_64 | 4.3.0 | 135.02 | 451.50 | 586.52 | NOTE | |
r-release-linux-x86_64 | 4.3.0 | 123.49 | 456.52 | 580.01 | OK | |
r-release-macos-arm64 | 4.3.0 | 201.00 | NOTE | |||
r-release-macos-x86_64 | 4.3.0 | 240.00 | NOTE | |||
r-release-windows-x86_64 | 4.3.0 | 203.00 | 791.00 | 994.00 | OK | |
r-oldrel-macos-arm64 | 4.3.0 | 177.00 | NOTE | |||
r-oldrel-macos-x86_64 | 4.3.0 | 237.00 | NOTE | |||
r-oldrel-windows-ix86+x86_64 | 4.3.0 | 321.00 | 792.00 | 1113.00 | NOTE |
Version: 4.3.0
Check: C++ specification
Result: NOTE
Specified C++11: please drop specification unless essential
Flavors: r-devel-linux-x86_64-debian-clang, r-devel-linux-x86_64-debian-gcc, r-devel-linux-x86_64-fedora-clang, r-devel-linux-x86_64-fedora-gcc, r-devel-windows-x86_64, r-patched-linux-x86_64
Version: 4.3.0
Check: package dependencies
Result: NOTE
Imports includes 42 non-default packages.
Importing from so many packages makes the package vulnerable to any of
them becoming unavailable. Move as many as possible to Suggests and
use conditionally.
Flavor: r-devel-linux-x86_64-fedora-clang
Version: 4.3.0
Check: Rd cross-references
Result: NOTE
Undeclared package ‘Signac’ in Rd xrefs
Flavor: r-devel-linux-x86_64-fedora-clang
Version: 4.3.0
Check: package dependencies
Result: NOTE
Package suggested but not available for checking: ‘monocle’
Flavors: r-release-macos-arm64, r-oldrel-macos-arm64
Version: 4.3.0
Check: installed package size
Result: NOTE
installed size is 10.6Mb
sub-directories of 1Mb or more:
R 2.0Mb
libs 7.8Mb
Flavors: r-release-macos-arm64, r-release-macos-x86_64, r-oldrel-macos-arm64, r-oldrel-macos-x86_64
Version: 4.3.0
Check: dependencies in R code
Result: NOTE
Initiating curl with CURL_SSL_BACKEND: openssl
Flavor: r-oldrel-windows-ix86+x86_64