CRAN Package Check Results for Package SetMethods

Last updated on 2020-06-01 06:48:37 CEST.

Flavor Version Tinstall Tcheck Ttotal Status Flags
r-devel-linux-x86_64-debian-clang 2.5 13.70 127.78 141.48 OK
r-devel-linux-x86_64-debian-gcc 2.5 12.36 95.22 107.58 OK
r-devel-linux-x86_64-fedora-clang 2.5 174.84 NOTE
r-devel-linux-x86_64-fedora-gcc 2.5 166.91 NOTE
r-devel-windows-ix86+x86_64 2.5 36.00 139.00 175.00 OK
r-patched-linux-x86_64 2.5 14.63 125.23 139.86 OK
r-patched-solaris-x86 2.5 185.80 ERROR
r-release-linux-x86_64 2.5 13.83 124.20 138.03 OK
r-release-osx-x86_64 2.5 NOTE
r-release-windows-ix86+x86_64 2.5 26.00 183.00 209.00 OK
r-oldrel-osx-x86_64 2.5 NOTE
r-oldrel-windows-ix86+x86_64 2.5 24.00 144.00 168.00 OK

Check Details

Version: 2.5
Check: dependencies in R code
Result: NOTE
    Namespace in Imports field not imported from: ‘lattice’
     All declared Imports should be used.
Flavors: r-devel-linux-x86_64-fedora-clang, r-devel-linux-x86_64-fedora-gcc, r-patched-solaris-x86, r-release-osx-x86_64, r-oldrel-osx-x86_64

Version: 2.5
Check: examples
Result: ERROR
    Running examples in ‘SetMethods-Ex.R’ failed
    The error most likely occurred in:
    
    > ### Name: LR.intersect
    > ### Title: Function for identifying contradictory simplifying assumptions
    > ### or easy counterfactuals.
    > ### Aliases: LR.intersect
    > ### Keywords: QCA
    >
    > ### ** Examples
    >
    > # Import your data. For example:
    >
    > data(SCHF)
    >
    > # Get the parsimonious solution:
    >
    > sol_yp <- minimize(SCHF, outcome = "EXPORT",
    + conditions = c("EMP","BARGAIN","UNI","OCCUP","STOCK", "MA"),
    + incl.cut = .9,
    + include = "?",
    + details = TRUE, show.cases = TRUE)
    
     *** caught segfault ***
    address 286e3ab8, cause 'memory not mapped'
    
    Traceback:
     1: minimize(SCHF, outcome = "EXPORT", conditions = c("EMP", "BARGAIN", "UNI", "OCCUP", "STOCK", "MA"), incl.cut = 0.9, include = "?", details = TRUE, show.cases = TRUE)
    An irrecoverable exception occurred. R is aborting now ...
Flavor: r-patched-solaris-x86