CRAN Package Check Results for Package SeqKat

Last updated on 2019-04-23 15:51:03 CEST.

Flavor Version Tinstall Tcheck Ttotal Status Flags
r-devel-linux-x86_64-debian-clang 0.0.6 30.33 40.53 70.86 OK
r-devel-linux-x86_64-debian-gcc 0.0.6 20.82 31.86 52.68 OK
r-devel-linux-x86_64-fedora-clang 0.0.6 97.81 OK
r-devel-linux-x86_64-fedora-gcc 0.0.6 85.27 OK
r-devel-windows-ix86+x86_64 0.0.6 73.00 113.00 186.00 NOTE
r-patched-linux-x86_64 0.0.6 23.83 40.90 64.73 OK
r-patched-solaris-x86 0.0.6 104.60 OK
r-release-linux-x86_64 0.0.6 25.14 39.34 64.48 OK
r-release-windows-ix86+x86_64 0.0.6 51.00 94.00 145.00 NOTE
r-release-osx-x86_64 0.0.6 OK
r-oldrel-windows-ix86+x86_64 0.0.6 76.00 97.00 173.00 NOTE
r-oldrel-osx-x86_64 0.0.6 OK

Check Details

Version: 0.0.6
Check: package dependencies
Result: NOTE
    Package suggested but not available for checking: 'doMC'
Flavors: r-devel-windows-ix86+x86_64, r-release-windows-ix86+x86_64, r-oldrel-windows-ix86+x86_64