Last updated on 2023-03-20 12:51:24 CET.
Flavor | Version | Tinstall | Tcheck | Ttotal | Status | Flags |
---|---|---|---|---|---|---|
r-devel-linux-x86_64-debian-clang | 1.1.0 | NOTE | ||||
r-devel-linux-x86_64-debian-gcc | 1.1.0 | 11.08 | 90.58 | 101.66 | NOTE | |
r-devel-linux-x86_64-fedora-clang | 1.1.0 | 173.28 | NOTE | |||
r-devel-linux-x86_64-fedora-gcc | 1.1.0 | 165.60 | NOTE | |||
r-devel-windows-x86_64 | 1.1.0 | 22.00 | 136.00 | 158.00 | NOTE | |
r-patched-linux-x86_64 | 1.1.0 | 8.87 | 110.00 | 118.87 | NOTE | |
r-release-linux-x86_64 | 1.1.0 | 9.03 | 108.65 | 117.68 | NOTE | |
r-release-macos-arm64 | 1.1.0 | 44.00 | NOTE | |||
r-release-macos-x86_64 | 1.1.0 | 78.00 | NOTE | |||
r-release-windows-x86_64 | 1.1.0 | 25.00 | 141.00 | 166.00 | NOTE | |
r-oldrel-macos-arm64 | 1.1.0 | 52.00 | NOTE | |||
r-oldrel-macos-x86_64 | 1.1.0 | 78.00 | NOTE | |||
r-oldrel-windows-ix86+x86_64 | 1.1.0 | 32.00 | 135.00 | 167.00 | NOTE |
Version: 1.1.0
Check: LazyData
Result: NOTE
'LazyData' is specified without a 'data' directory
Flavors: r-devel-linux-x86_64-debian-clang, r-devel-linux-x86_64-debian-gcc, r-devel-linux-x86_64-fedora-clang, r-devel-linux-x86_64-fedora-gcc, r-devel-windows-x86_64, r-patched-linux-x86_64, r-release-linux-x86_64, r-release-macos-arm64, r-release-macos-x86_64, r-release-windows-x86_64, r-oldrel-macos-arm64, r-oldrel-macos-x86_64, r-oldrel-windows-ix86+x86_64