Last updated on 2022-08-19 11:52:14 CEST.
Flavor | Version | Tinstall | Tcheck | Ttotal | Status | Flags |
---|---|---|---|---|---|---|
r-devel-linux-x86_64-debian-clang | 1.3.4 | 5.81 | 47.68 | 53.49 | OK | |
r-devel-linux-x86_64-debian-gcc | 1.3.4 | 5.17 | 35.93 | 41.10 | OK | |
r-devel-linux-x86_64-fedora-clang | 1.3.4 | 78.75 | NOTE | |||
r-devel-linux-x86_64-fedora-gcc | 1.3.4 | 73.93 | NOTE | |||
r-devel-windows-x86_64 | 1.3.4 | 11.00 | 87.00 | 98.00 | OK | |
r-patched-linux-x86_64 | 1.3.4 | 13.24 | 44.45 | 57.69 | OK | |
r-release-linux-x86_64 | 1.3.4 | OK | ||||
r-release-macos-arm64 | 1.3.4 | 25.00 | NOTE | |||
r-release-macos-x86_64 | 1.3.4 | 43.00 | NOTE | |||
r-release-windows-x86_64 | 1.3.4 | 56.00 | 80.00 | 136.00 | OK | |
r-oldrel-macos-arm64 | 1.3.4 | 24.00 | NOTE | |||
r-oldrel-macos-x86_64 | 1.3.4 | 33.00 | NOTE | |||
r-oldrel-windows-ix86+x86_64 | 1.3.4 | 13.00 | 80.00 | 93.00 | OK |
Version: 1.3.4
Check: dependencies in R code
Result: NOTE
Namespaces in Imports field not imported from:
‘editData’ ‘miniUI’
All declared Imports should be used.
Flavors: r-devel-linux-x86_64-fedora-clang, r-devel-linux-x86_64-fedora-gcc, r-release-macos-arm64, r-release-macos-x86_64, r-oldrel-macos-arm64, r-oldrel-macos-x86_64