CRAN Package Check Results for Package SemNeT

Last updated on 2020-08-13 06:47:42 CEST.

Flavor Version Tinstall Tcheck Ttotal Status Flags
r-devel-linux-x86_64-debian-clang 1.3.0 0.68 2.52 3.20 ERROR
r-devel-linux-x86_64-debian-gcc 1.3.0 8.40 65.45 73.85 OK
r-devel-linux-x86_64-fedora-clang 1.3.0 123.52 NOTE
r-devel-linux-x86_64-fedora-gcc 1.3.0 114.49 NOTE
r-devel-windows-ix86+x86_64 1.3.0 37.00 147.00 184.00 OK
r-patched-linux-x86_64 1.3.0 7.72 86.07 93.79 OK
r-patched-solaris-x86 1.3.0 165.70 NOTE
r-release-linux-x86_64 1.3.0 0.63 2.50 3.13 ERROR
r-release-macos-x86_64 1.3.0 NOTE
r-release-windows-ix86+x86_64 1.3.0 41.00 149.00 190.00 OK
r-oldrel-macos-x86_64 1.3.0 NOTE
r-oldrel-windows-ix86+x86_64 1.3.0 24.00 98.00 122.00 OK

Check Details

Version: 1.3.0
Check: package dependencies
Result: ERROR
    Packages required but not available: 'NetworkToolbox', 'qgraph'
    
    See section 'The DESCRIPTION file' in the 'Writing R Extensions'
    manual.
Flavors: r-devel-linux-x86_64-debian-clang, r-release-linux-x86_64

Version: 1.3.0
Check: dependencies in R code
Result: NOTE
    Namespaces in Imports field not imported from:
     ‘RColorBrewer’ ‘grid’ ‘purrr’
     All declared Imports should be used.
Flavors: r-devel-linux-x86_64-fedora-clang, r-devel-linux-x86_64-fedora-gcc, r-patched-solaris-x86, r-release-macos-x86_64, r-oldrel-macos-x86_64

Version: 1.3.0
Check: Rd cross-references
Result: NOTE
    Undeclared package ‘SemNetCleaner’ in Rd xrefs
Flavor: r-devel-linux-x86_64-fedora-clang