CRAN Package Check Results for Package SemNeT

Last updated on 2020-01-24 10:49:45 CET.

Flavor Version Tinstall Tcheck Ttotal Status Flags
r-devel-linux-x86_64-debian-clang 1.1.2 7.50 77.82 85.32 OK
r-devel-linux-x86_64-debian-gcc 1.1.2 5.12 57.92 63.04 OK
r-devel-linux-x86_64-fedora-clang 1.1.2 103.94 NOTE
r-devel-linux-x86_64-fedora-gcc 1.1.2 102.01 NOTE
r-devel-windows-ix86+x86_64 1.1.2 37.00 151.00 188.00 OK
r-devel-windows-ix86+x86_64-gcc8 1.1.2 29.00 145.00 174.00 OK
r-patched-linux-x86_64 1.1.2 5.21 69.84 75.05 OK
r-patched-solaris-x86 1.1.2 140.60 NOTE
r-release-linux-x86_64 1.1.2 4.29 69.52 73.81 OK
r-release-windows-ix86+x86_64 1.1.2 13.00 94.00 107.00 OK
r-release-osx-x86_64 1.1.2 NOTE
r-oldrel-windows-ix86+x86_64 1.1.2 7.00 89.00 96.00 OK
r-oldrel-osx-x86_64 1.1.2 NOTE

Check Details

Version: 1.1.2
Check: dependencies in R code
Result: NOTE
    Namespaces in Imports field not imported from:
     ‘RColorBrewer’ ‘SemNetCleaner’ ‘grid’ ‘purrr’
     All declared Imports should be used.
Flavors: r-devel-linux-x86_64-fedora-clang, r-devel-linux-x86_64-fedora-gcc, r-patched-solaris-x86, r-release-osx-x86_64, r-oldrel-osx-x86_64