CRAN Package Check Results for Package SelvarMix

Last updated on 2021-12-03 03:55:45 CET.

Flavor Version Tinstall Tcheck Ttotal Status Flags
r-devel-linux-x86_64-debian-clang 1.2.1 138.20 34.80 173.00 OK
r-devel-linux-x86_64-debian-gcc 1.2.1 104.54 27.49 132.03 OK
r-devel-linux-x86_64-fedora-clang 1.2.1 299.08 NOTE
r-devel-linux-x86_64-fedora-gcc 1.2.1 255.12 OK
r-devel-windows-x86_64-new-UL 1.2.1 189.00 95.00 284.00 OK
r-devel-windows-x86_64-new-TK 1.2.1 OK
r-devel-windows-x86_64-old 1.2.1 189.00 54.00 243.00 OK
r-patched-linux-x86_64 1.2.1 135.83 33.90 169.73 OK
r-patched-solaris-x86 1.2.1 212.90 OK
r-release-linux-x86_64 1.2.1 124.87 33.79 158.66 OK
r-release-macos-arm64 1.2.1 NOTE
r-release-macos-x86_64 1.2.1 NOTE
r-release-windows-ix86+x86_64 1.2.1 381.00 81.00 462.00 OK
r-oldrel-macos-x86_64 1.2.1 NOTE
r-oldrel-windows-ix86+x86_64 1.2.1 367.00 79.00 446.00 OK

Check Details

Version: 1.2.1
Check: installed package size
Result: NOTE
     installed size is 5.3Mb
     sub-directories of 1Mb or more:
     libs 5.1Mb
Flavors: r-devel-linux-x86_64-fedora-clang, r-release-macos-arm64, r-release-macos-x86_64, r-oldrel-macos-x86_64