CRAN Package Check Results for Package Select

Last updated on 2023-04-01 11:51:41 CEST.

Flavor Version Tinstall Tcheck Ttotal Status Flags
r-devel-linux-x86_64-debian-clang 1.4 2.08 35.34 37.42 OK
r-devel-linux-x86_64-debian-gcc 1.4 1.95 26.63 28.58 OK
r-devel-linux-x86_64-fedora-clang 1.4 47.14 NOTE
r-devel-linux-x86_64-fedora-gcc 1.4 56.71 NOTE
r-devel-windows-x86_64 1.4 6.00 64.00 70.00 OK
r-patched-linux-x86_64 1.4 2.66 33.34 36.00 OK
r-release-linux-x86_64 1.4 2.51 35.70 38.21 OK
r-release-macos-arm64 1.4 21.00 NOTE
r-release-macos-x86_64 1.4 26.00 NOTE
r-release-windows-x86_64 1.4 14.00 71.00 85.00 OK
r-oldrel-macos-arm64 1.4 30.00 NOTE
r-oldrel-macos-x86_64 1.4 33.00 NOTE
r-oldrel-windows-ix86+x86_64 1.4 6.00 65.00 71.00 OK

Check Details

Version: 1.4
Check: dependencies in R code
Result: NOTE
    Namespace in Imports field not imported from: ‘FD’
     All declared Imports should be used.
Flavors: r-devel-linux-x86_64-fedora-clang, r-devel-linux-x86_64-fedora-gcc, r-release-macos-arm64, r-release-macos-x86_64, r-oldrel-macos-arm64, r-oldrel-macos-x86_64