Last updated on 2023-11-30 04:53:06 CET.
Flavor | Version | Tinstall | Tcheck | Ttotal | Status | Flags |
---|---|---|---|---|---|---|
r-devel-linux-x86_64-debian-clang | 1.1.1 | 6.27 | 75.15 | 81.42 | OK | |
r-devel-linux-x86_64-debian-gcc | 1.1.1 | 4.26 | 57.82 | 62.08 | OK | |
r-devel-linux-x86_64-fedora-clang | 1.1.1 | 100.49 | NOTE | |||
r-devel-linux-x86_64-fedora-gcc | 1.1.1 | 108.10 | NOTE | |||
r-devel-windows-x86_64 | 1.1.1 | 7.00 | 81.00 | 88.00 | OK | |
r-patched-linux-x86_64 | 1.1.1 | 5.73 | 71.47 | 77.20 | OK | |
r-release-linux-x86_64 | 1.1.1 | 4.50 | 71.43 | 75.93 | OK | |
r-release-macos-arm64 | 1.1.1 | 10.00 | ERROR | |||
r-release-macos-x86_64 | 1.1.1 | 14.00 | ERROR | |||
r-release-windows-x86_64 | 1.1.1 | 10.00 | 92.00 | 102.00 | OK | |
r-oldrel-macos-arm64 | 1.1.1 | 8.00 | ERROR | |||
r-oldrel-macos-x86_64 | 1.0.1 | 103.00 | ERROR | |||
r-oldrel-windows-x86_64 | 1.1.1 | 10.00 | 94.00 | 104.00 | OK |
Version: 1.1.1
Check: dependencies in R code
Result: NOTE
Namespaces in Imports field not imported from:
‘cowplot’ ‘testit’
All declared Imports should be used.
Flavors: r-devel-linux-x86_64-fedora-clang, r-devel-linux-x86_64-fedora-gcc
Version: 1.1.1
Check: package dependencies
Result: ERROR
Packages required but not available: 'ggmsa', 'msa'
Package suggested but not available for checking: ‘org.Rn.eg.db’
See section ‘The DESCRIPTION file’ in the ‘Writing R Extensions’
manual.
Flavors: r-release-macos-arm64, r-release-macos-x86_64, r-oldrel-macos-arm64
Version: 1.0.1
Check: package dependencies
Result: ERROR
Packages required but not available: 'ggmsa', 'msa'
Package suggested but not available for checking: ‘org.Rn.eg.db’
See section ‘The DESCRIPTION file’ in the ‘Writing R Extensions’
manual.
Flavor: r-oldrel-macos-x86_64