CRAN Package Check Results for Package SeedMatchR

Last updated on 2024-06-22 03:49:41 CEST.

Flavor Version Tinstall Tcheck Ttotal Status Flags
r-devel-linux-x86_64-debian-clang 1.1.1 0.61 2.33 2.94 ERROR
r-devel-linux-x86_64-debian-gcc 1.1.1 4.89 58.24 63.13 OK
r-devel-linux-x86_64-fedora-clang 1.1.1 113.66 NOTE
r-devel-linux-x86_64-fedora-gcc 1.1.1 115.48 NOTE
r-devel-windows-x86_64 1.1.1 7.00 79.00 86.00 OK
r-patched-linux-x86_64 1.1.1 3.90 75.39 79.29 OK
r-release-linux-x86_64 1.1.1 3.96 74.54 78.50 OK
r-release-macos-arm64 1.1.1 5.00 ERROR
r-release-macos-x86_64 1.1.1 59.00 OK
r-release-windows-x86_64 1.1.1 7.00 82.00 89.00 OK
r-oldrel-macos-arm64 1.1.1 10.00 ERROR
r-oldrel-macos-x86_64 1.1.1 15.00 ERROR
r-oldrel-windows-x86_64 1.1.1 8.00 93.00 101.00 OK

Check Details

Version: 1.1.1
Check: package dependencies
Result: ERROR Package required but not available: ‘msa’ See section ‘The DESCRIPTION file’ in the ‘Writing R Extensions’ manual. Flavor: r-devel-linux-x86_64-debian-clang

Version: 1.1.1
Check: dependencies in R code
Result: NOTE Namespaces in Imports field not imported from: ‘cowplot’ ‘testit’ All declared Imports should be used. Flavors: r-devel-linux-x86_64-fedora-clang, r-devel-linux-x86_64-fedora-gcc

Version: 1.1.1
Check: package dependencies
Result: ERROR Package required but not available: ‘ggmsa’ Package suggested but not available for checking: ‘org.Rn.eg.db’ See section ‘The DESCRIPTION file’ in the ‘Writing R Extensions’ manual. Flavor: r-release-macos-arm64

Version: 1.1.1
Check: package dependencies
Result: ERROR Packages required but not available: 'ggmsa', 'msa' Package suggested but not available for checking: ‘org.Rn.eg.db’ See section ‘The DESCRIPTION file’ in the ‘Writing R Extensions’ manual. Flavors: r-oldrel-macos-arm64, r-oldrel-macos-x86_64