Last updated on 2023-12-11 11:53:46 CET.
Flavor | Version | Tinstall | Tcheck | Ttotal | Status | Flags |
---|---|---|---|---|---|---|
r-devel-linux-x86_64-debian-clang | 0.0.3 | 13.21 | 95.94 | 109.15 | NOTE | |
r-devel-linux-x86_64-debian-gcc | 0.0.3 | 10.74 | 69.41 | 80.15 | NOTE | |
r-devel-linux-x86_64-fedora-clang | 0.0.3 | 133.37 | NOTE | |||
r-devel-linux-x86_64-fedora-gcc | 0.0.3 | 125.07 | NOTE | |||
r-devel-windows-x86_64 | 0.0.3 | 11.00 | 82.00 | 93.00 | NOTE | |
r-patched-linux-x86_64 | 0.0.3 | 12.87 | 90.13 | 103.00 | NOTE | |
r-release-linux-x86_64 | 0.0.3 | 11.82 | 92.40 | 104.22 | NOTE | |
r-release-macos-arm64 | 0.0.3 | 41.00 | NOTE | |||
r-release-macos-x86_64 | 0.0.3 | 87.00 | NOTE | |||
r-release-windows-x86_64 | 0.0.3 | 16.00 | 101.00 | 117.00 | NOTE | |
r-oldrel-macos-arm64 | 0.0.3 | 43.00 | NOTE | |||
r-oldrel-macos-x86_64 | 0.0.3 | 71.00 | NOTE | |||
r-oldrel-windows-x86_64 | 0.0.3 | 17.00 | 105.00 | 122.00 | NOTE |
Version: 0.0.3
Check: LazyData
Result: NOTE
'LazyData' is specified without a 'data' directory
Flavors: r-devel-linux-x86_64-debian-clang, r-devel-linux-x86_64-debian-gcc, r-devel-linux-x86_64-fedora-clang, r-devel-linux-x86_64-fedora-gcc, r-devel-windows-x86_64, r-patched-linux-x86_64, r-release-linux-x86_64, r-release-macos-arm64, r-release-macos-x86_64, r-release-windows-x86_64, r-oldrel-macos-arm64, r-oldrel-macos-x86_64, r-oldrel-windows-x86_64