Last updated on 2023-04-01 11:51:40 CEST.
Flavor | Version | Tinstall | Tcheck | Ttotal | Status | Flags |
---|---|---|---|---|---|---|
r-devel-linux-x86_64-debian-clang | 2.0.3 | 8.28 | 73.61 | 81.89 | OK | |
r-devel-linux-x86_64-debian-gcc | 2.0.3 | 7.24 | 54.80 | 62.04 | OK | |
r-devel-linux-x86_64-fedora-clang | 2.0.3 | 101.18 | OK | |||
r-devel-linux-x86_64-fedora-gcc | 2.0.3 | 100.18 | OK | |||
r-devel-windows-x86_64 | 2.0.3 | 14.00 | 100.00 | 114.00 | OK | |
r-patched-linux-x86_64 | 2.0.3 | 6.72 | 70.80 | 77.52 | OK | |
r-release-linux-x86_64 | 2.0.3 | 8.67 | 72.05 | 80.72 | OK | |
r-release-macos-arm64 | 2.0.3 | 32.00 | OK | |||
r-release-macos-x86_64 | 2.0.3 | 55.00 | OK | |||
r-release-windows-x86_64 | 2.0.3 | 23.00 | 114.00 | 137.00 | OK | |
r-oldrel-macos-arm64 | 2.0.3 | 42.00 | OK | |||
r-oldrel-macos-x86_64 | 2.0.3 | 66.00 | OK | |||
r-oldrel-windows-ix86+x86_64 | 2.0.3 | 21.00 | 99.00 | 120.00 | NOTE |
Version: 2.0.3
Check: R code for possible problems
Result: NOTE
Initiating curl with CURL_SSL_BACKEND: openssl
Flavor: r-oldrel-windows-ix86+x86_64