CRAN Package Check Results for Package Scalelink

Last updated on 2020-09-18 20:47:39 CEST.

Flavor Version Tinstall Tcheck Ttotal Status Flags
r-devel-linux-x86_64-debian-clang 1.0 23.23 28.77 52.00 NOTE
r-devel-linux-x86_64-debian-gcc 1.0 16.38 22.91 39.29 NOTE
r-devel-linux-x86_64-fedora-clang 1.0 78.52 NOTE
r-devel-linux-x86_64-fedora-gcc 1.0 64.27 NOTE
r-devel-windows-ix86+x86_64 1.0 56.00 68.00 124.00 NOTE
r-patched-linux-x86_64 1.0 17.27 28.83 46.10 NOTE
r-patched-solaris-x86 1.0 84.80 NOTE
r-release-linux-x86_64 1.0 16.18 28.60 44.78 NOTE
r-release-macos-x86_64 1.0 NOTE
r-release-windows-ix86+x86_64 1.0 53.00 71.00 124.00 NOTE
r-oldrel-macos-x86_64 1.0 NOTE
r-oldrel-windows-ix86+x86_64 1.0 37.00 71.00 108.00 NOTE

Additional issues

clang-UBSAN gcc-UBSAN

Check Details

Version: 1.0
Check: for GNU extensions in Makefiles
Result: NOTE
    GNU make is a SystemRequirements.
Flavors: r-devel-linux-x86_64-debian-clang, r-devel-linux-x86_64-debian-gcc, r-devel-linux-x86_64-fedora-clang, r-devel-linux-x86_64-fedora-gcc, r-devel-windows-ix86+x86_64, r-patched-linux-x86_64, r-patched-solaris-x86, r-release-linux-x86_64, r-release-macos-x86_64, r-release-windows-ix86+x86_64, r-oldrel-macos-x86_64, r-oldrel-windows-ix86+x86_64