CRAN Package Check Results for Package Scalelink

Last updated on 2020-02-22 17:47:39 CET.

Flavor Version Tinstall Tcheck Ttotal Status Flags
r-devel-linux-x86_64-debian-clang 1.0 20.16 29.19 49.35 NOTE
r-devel-linux-x86_64-debian-gcc 1.0 12.75 22.52 35.27 NOTE
r-devel-linux-x86_64-fedora-clang 1.0 66.97 NOTE
r-devel-linux-x86_64-fedora-gcc 1.0 61.35 NOTE
r-devel-windows-ix86+x86_64 1.0 44.00 65.00 109.00 NOTE
r-devel-windows-ix86+x86_64-gcc8 1.0 66.00 88.00 154.00 NOTE
r-patched-linux-x86_64 1.0 NOTE
r-patched-solaris-x86 1.0 82.30 NOTE
r-release-linux-x86_64 1.0 15.86 26.21 42.07 NOTE
r-release-windows-ix86+x86_64 1.0 39.00 66.00 105.00 NOTE
r-release-osx-x86_64 1.0 NOTE
r-oldrel-windows-ix86+x86_64 1.0 55.00 64.00 119.00 NOTE
r-oldrel-osx-x86_64 1.0 NOTE

Additional issues

clang-UBSAN gcc-UBSAN

Check Details

Version: 1.0
Check: for GNU extensions in Makefiles
Result: NOTE
    GNU make is a SystemRequirements.
Flavors: r-devel-linux-x86_64-debian-clang, r-devel-linux-x86_64-debian-gcc, r-devel-linux-x86_64-fedora-clang, r-devel-linux-x86_64-fedora-gcc, r-devel-windows-ix86+x86_64, r-devel-windows-ix86+x86_64-gcc8, r-patched-linux-x86_64, r-patched-solaris-x86, r-release-linux-x86_64, r-release-windows-ix86+x86_64, r-release-osx-x86_64, r-oldrel-windows-ix86+x86_64, r-oldrel-osx-x86_64