CRAN Package Check Results for Package SanzCircos

Last updated on 2019-02-15 18:51:16 CET.

Flavor Version Tinstall Tcheck Ttotal Status Flags
r-devel-linux-x86_64-debian-clang 0.1.0 3.34 36.09 39.43 OK
r-devel-linux-x86_64-debian-gcc 0.1.0 2.77 28.16 30.93 OK
r-devel-linux-x86_64-fedora-clang 0.1.0 47.53 NOTE
r-devel-linux-x86_64-fedora-gcc 0.1.0 43.30 NOTE
r-devel-windows-ix86+x86_64 0.1.0 11.00 81.00 92.00 OK
r-patched-linux-x86_64 0.1.0 2.55 33.33 35.88 OK
r-patched-solaris-x86 0.1.0 73.40 NOTE
r-release-linux-x86_64 0.1.0 2.89 33.13 36.02 OK
r-release-windows-ix86+x86_64 0.1.0 6.00 91.00 97.00 OK
r-release-osx-x86_64 0.1.0 NOTE
r-oldrel-windows-ix86+x86_64 0.1.0 14.00 160.00 174.00 OK
r-oldrel-osx-x86_64 0.1.0 NOTE

Check Details

Version: 0.1.0
Check: dependencies in R code
Result: NOTE
    Namespaces in Imports field not imported from:
     ‘purrr’ ‘tidyr’
     All declared Imports should be used.
Flavors: r-devel-linux-x86_64-fedora-clang, r-devel-linux-x86_64-fedora-gcc, r-patched-solaris-x86, r-release-osx-x86_64, r-oldrel-osx-x86_64