CRAN Package Check Results for Package SanFranBeachWater

Last updated on 2018-09-23 00:46:35 CEST.

Flavor Version Tinstall Tcheck Ttotal Status Flags
r-devel-linux-x86_64-debian-clang 0.1.0 3.16 40.06 43.22 OK
r-devel-linux-x86_64-debian-gcc 0.1.0 2.66 30.95 33.61 OK
r-devel-linux-x86_64-fedora-clang 0.1.0 51.68 NOTE
r-devel-linux-x86_64-fedora-gcc 0.1.0 49.78 NOTE
r-devel-windows-ix86+x86_64 0.1.0 10.00 74.00 84.00 OK
r-patched-linux-x86_64 0.1.0 2.91 32.66 35.57 OK
r-patched-solaris-x86 0.1.0 68.70 NOTE
r-release-linux-x86_64 0.1.0 2.75 33.16 35.91 OK
r-release-windows-ix86+x86_64 0.1.0 7.00 66.00 73.00 OK
r-release-osx-x86_64 0.1.0 NOTE
r-oldrel-windows-ix86+x86_64 0.1.0 6.00 69.00 75.00 OK
r-oldrel-osx-x86_64 0.1.0 NOTE

Check Details

Version: 0.1.0
Check: dependencies in R code
Result: NOTE
    Namespace in Imports field not imported from: ‘tibble’
     All declared Imports should be used.
Flavors: r-devel-linux-x86_64-fedora-clang, r-devel-linux-x86_64-fedora-gcc, r-patched-solaris-x86, r-release-osx-x86_64, r-oldrel-osx-x86_64