CRAN Package Check Results for Package SanFranBeachWater

Last updated on 2018-07-15 23:48:29 CEST.

Flavor Version Tinstall Tcheck Ttotal Status Flags
r-devel-linux-x86_64-debian-clang 0.1.0 2.99 38.07 41.06 OK
r-devel-linux-x86_64-debian-gcc 0.1.0 2.43 30.63 33.06 OK
r-devel-linux-x86_64-fedora-clang 0.1.0 47.38 NOTE
r-devel-linux-x86_64-fedora-gcc 0.1.0 45.53 NOTE
r-devel-windows-ix86+x86_64 0.1.0 9.00 55.00 64.00 OK
r-patched-linux-x86_64 0.1.0 2.77 32.82 35.59 OK
r-patched-solaris-x86 0.1.0 69.90 NOTE
r-release-linux-x86_64 0.1.0 3.02 33.19 36.21 OK
r-release-windows-ix86+x86_64 0.1.0 6.00 50.00 56.00 OK
r-release-osx-x86_64 0.1.0 NOTE
r-oldrel-windows-ix86+x86_64 0.1.0 6.00 44.00 50.00 OK
r-oldrel-osx-x86_64 0.1.0 NOTE

Check Details

Version: 0.1.0
Check: dependencies in R code
Result: NOTE
    Namespace in Imports field not imported from: ‘tibble’
     All declared Imports should be used.
Flavors: r-devel-linux-x86_64-fedora-clang, r-devel-linux-x86_64-fedora-gcc, r-patched-solaris-x86, r-release-osx-x86_64, r-oldrel-osx-x86_64