CRAN Package Check Results for Package SWMPrExtension

Last updated on 2020-07-03 17:48:37 CEST.

Flavor Version Tinstall Tcheck Ttotal Status Flags
r-devel-linux-x86_64-debian-clang 1.1.5 20.68 153.80 174.48 OK
r-devel-linux-x86_64-debian-gcc 1.1.5 19.49 120.11 139.60 OK
r-devel-linux-x86_64-fedora-clang 1.1.5 229.07 NOTE
r-devel-linux-x86_64-fedora-gcc 1.1.5 215.37 NOTE
r-devel-windows-ix86+x86_64 1.1.5 68.00 264.00 332.00 OK
r-patched-linux-x86_64 1.1.5 15.85 150.34 166.19 OK
r-patched-solaris-x86 1.1.5 349.20 NOTE
r-release-linux-x86_64 1.1.5 15.34 150.33 165.67 OK
r-release-osx-x86_64 1.1.5 NOTE
r-release-windows-ix86+x86_64 1.1.5 54.00 180.00 234.00 OK
r-oldrel-osx-x86_64 1.1.5 NOTE
r-oldrel-windows-ix86+x86_64 1.1.5 71.00 248.00 319.00 OK

Check Details

Version: 1.1.5
Check: dependencies in R code
Result: NOTE
    Namespace in Imports field not imported from: ‘rgeos’
     All declared Imports should be used.
Flavors: r-devel-linux-x86_64-fedora-clang, r-devel-linux-x86_64-fedora-gcc, r-patched-solaris-x86, r-release-osx-x86_64, r-oldrel-osx-x86_64