CRAN Package Check Results for Package SWMPrExtension

Last updated on 2019-04-22 19:49:01 CEST.

Flavor Version Tinstall Tcheck Ttotal Status Flags
r-devel-linux-x86_64-debian-clang 0.3.16 17.85 135.22 153.07 OK
r-devel-linux-x86_64-debian-gcc 0.3.16 17.26 107.21 124.47 OK
r-devel-linux-x86_64-fedora-clang 0.3.16 187.02 NOTE
r-devel-linux-x86_64-fedora-gcc 0.3.16 181.56 NOTE
r-devel-windows-ix86+x86_64 0.3.16 51.00 222.00 273.00 OK
r-patched-linux-x86_64 0.3.16 18.90 130.60 149.50 OK
r-patched-solaris-x86 0.3.16 323.60 NOTE
r-release-linux-x86_64 0.3.16 16.18 129.62 145.80 OK
r-release-windows-ix86+x86_64 0.3.16 29.00 183.00 212.00 OK
r-release-osx-x86_64 0.3.16 NOTE
r-oldrel-windows-ix86+x86_64 0.3.16 44.00 230.00 274.00 OK
r-oldrel-osx-x86_64 0.3.16 NOTE

Check Details

Version: 0.3.16
Check: dependencies in R code
Result: NOTE
    Namespace in Imports field not imported from: ‘rgeos’
     All declared Imports should be used.
Flavors: r-devel-linux-x86_64-fedora-clang, r-devel-linux-x86_64-fedora-gcc, r-patched-solaris-x86, r-release-osx-x86_64, r-oldrel-osx-x86_64