CRAN Package Check Results for Package SUMMER

Last updated on 2019-09-21 17:47:03 CEST.

Flavor Version Tinstall Tcheck Ttotal Status Flags
r-devel-linux-x86_64-debian-clang 0.2.3 10.66 72.14 82.80 NOTE
r-devel-linux-x86_64-debian-gcc 0.2.3 9.04 57.86 66.90 NOTE
r-devel-linux-x86_64-fedora-clang 0.2.3 101.82 NOTE
r-devel-linux-x86_64-fedora-gcc 0.2.3 101.98 OK
r-devel-windows-ix86+x86_64 0.2.3 33.00 105.00 138.00 NOTE
r-patched-linux-x86_64 0.2.3 10.18 70.83 81.01 NOTE
r-patched-solaris-x86 0.2.3 140.00 NOTE --no-vignettes
r-release-linux-x86_64 0.2.3 9.45 71.50 80.95 NOTE
r-release-windows-ix86+x86_64 0.2.3 18.00 84.00 102.00 NOTE
r-release-osx-x86_64 0.2.3 NOTE
r-oldrel-windows-ix86+x86_64 0.2.3 14.00 71.00 85.00 NOTE
r-oldrel-osx-x86_64 0.2.3 NOTE

Check Details

Version: 0.2.3
Check: package dependencies
Result: NOTE
    Package suggested but not available for checking: 'INLA'
Flavors: r-devel-linux-x86_64-debian-clang, r-devel-linux-x86_64-debian-gcc, r-patched-linux-x86_64, r-release-linux-x86_64, r-release-osx-x86_64, r-oldrel-osx-x86_64

Version: 0.2.3
Check: installed package size
Result: NOTE
     installed size is 5.4Mb
     sub-directories of 1Mb or more:
     data 2.7Mb
     doc 2.5Mb
Flavors: r-devel-linux-x86_64-fedora-clang, r-devel-windows-ix86+x86_64, r-release-windows-ix86+x86_64, r-release-osx-x86_64, r-oldrel-windows-ix86+x86_64, r-oldrel-osx-x86_64

Version: 0.2.3
Flags: --no-vignettes
Check: package dependencies
Result: NOTE
    Package suggested but not available for checking: ‘INLA’
Flavor: r-patched-solaris-x86

Version: 0.2.3
Flags: --no-vignettes
Check: installed package size
Result: NOTE
     installed size is 5.7Mb
     sub-directories of 1Mb or more:
     data 2.8Mb
     doc 2.6Mb
Flavor: r-patched-solaris-x86