CRAN Package Check Results for Package SUMMER

Last updated on 2020-02-26 10:48:34 CET.

Flavor Version Tinstall Tcheck Ttotal Status Flags
r-devel-linux-x86_64-debian-clang 0.3.0 14.07 106.23 120.30 NOTE
r-devel-linux-x86_64-debian-gcc 0.3.0 13.55 80.66 94.21 NOTE
r-devel-linux-x86_64-fedora-clang 0.3.0 144.08 NOTE
r-devel-linux-x86_64-fedora-gcc 0.3.0 140.93 OK
r-devel-windows-ix86+x86_64 0.3.0 26.00 108.00 134.00 NOTE
r-devel-windows-ix86+x86_64-gcc8 0.3.0 29.00 107.00 136.00 NOTE
r-patched-linux-x86_64 0.3.0 12.50 90.17 102.67 NOTE
r-patched-solaris-x86 0.3.0 186.20 NOTE --no-vignettes
r-release-linux-x86_64 0.3.0 12.63 90.01 102.64 NOTE
r-release-windows-ix86+x86_64 0.3.0 24.00 99.00 123.00 NOTE
r-release-osx-x86_64 0.3.0 NOTE
r-oldrel-windows-ix86+x86_64 0.3.0 18.00 103.00 121.00 NOTE
r-oldrel-osx-x86_64 0.3.0 NOTE

Check Details

Version: 0.3.0
Check: package dependencies
Result: NOTE
    Package suggested but not available for checking: 'INLA'
Flavors: r-devel-linux-x86_64-debian-clang, r-devel-linux-x86_64-debian-gcc, r-patched-linux-x86_64, r-release-linux-x86_64, r-release-osx-x86_64, r-oldrel-osx-x86_64

Version: 0.3.0
Check: installed package size
Result: NOTE
     installed size is 6.4Mb
     sub-directories of 1Mb or more:
     data 2.7Mb
     doc 3.4Mb
Flavors: r-devel-linux-x86_64-fedora-clang, r-devel-windows-ix86+x86_64, r-devel-windows-ix86+x86_64-gcc8, r-release-windows-ix86+x86_64, r-release-osx-x86_64, r-oldrel-windows-ix86+x86_64, r-oldrel-osx-x86_64

Version: 0.3.0
Flags: --no-vignettes
Check: package dependencies
Result: NOTE
    Package suggested but not available for checking: ‘INLA’
Flavor: r-patched-solaris-x86

Version: 0.3.0
Flags: --no-vignettes
Check: installed package size
Result: NOTE
     installed size is 6.8Mb
     sub-directories of 1Mb or more:
     data 2.8Mb
     doc 3.5Mb
Flavor: r-patched-solaris-x86