CRAN Package Check Results for Package STraTUS

Last updated on 2019-09-20 15:47:15 CEST.

Flavor Version Tinstall Tcheck Ttotal Status Flags
r-devel-linux-x86_64-debian-clang 1.1.1 11.29 85.92 97.21 OK
r-devel-linux-x86_64-debian-gcc 1.1.1 8.72 67.96 76.68 OK
r-devel-linux-x86_64-fedora-clang 1.1.1 117.47 OK
r-devel-linux-x86_64-fedora-gcc 1.1.1 111.31 OK
r-devel-windows-ix86+x86_64 1.1.1 34.00 129.00 163.00 OK
r-patched-linux-x86_64 1.1.1 10.15 83.26 93.41 OK
r-patched-solaris-x86 1.1.1 157.20 OK
r-release-linux-x86_64 1.1.1 11.43 83.35 94.78 OK
r-release-windows-ix86+x86_64 1.1.1 20.00 87.00 107.00 OK
r-release-osx-x86_64 1.1.1 ERROR
r-oldrel-windows-ix86+x86_64 1.1.1 13.00 96.00 109.00 OK
r-oldrel-osx-x86_64 1.1.1 ERROR

Check Details

Version: 1.1.1
Check: package dependencies
Result: ERROR
    Package required but not available: ‘ggtree’
    
    See section ‘The DESCRIPTION file’ in the ‘Writing R Extensions’
    manual.
Flavor: r-release-osx-x86_64

Version: 1.1.1
Check: package dependencies
Result: ERROR
    Package required and available but unsuitable version: ‘ggtree’
    
    See section ‘The DESCRIPTION file’ in the ‘Writing R Extensions’
    manual.
Flavor: r-oldrel-osx-x86_64