CRAN Package Check Results for Package STraTUS

Last updated on 2020-09-24 04:57:33 CEST.

Flavor Version Tinstall Tcheck Ttotal Status Flags
r-devel-linux-x86_64-debian-clang 1.1.2 13.62 118.67 132.29 OK
r-devel-linux-x86_64-debian-gcc 1.1.2 11.98 89.69 101.67 OK
r-devel-linux-x86_64-fedora-clang 1.1.2 166.97 OK
r-devel-linux-x86_64-fedora-gcc 1.1.2 157.43 OK
r-devel-windows-ix86+x86_64 1.1.2 32.00 141.00 173.00 OK
r-patched-linux-x86_64 1.1.2 13.26 110.37 123.63 OK
r-patched-solaris-x86 1.1.2 208.90 OK
r-release-linux-x86_64 1.1.2 9.61 109.77 119.38 OK
r-release-macos-x86_64 1.1.2 ERROR
r-release-windows-ix86+x86_64 1.1.2 43.00 151.00 194.00 OK
r-oldrel-macos-x86_64 1.1.2 ERROR
r-oldrel-windows-ix86+x86_64 1.1.2 18.00 112.00 130.00 OK

Check Details

Version: 1.1.2
Check: package dependencies
Result: ERROR
    Package required but not available: ‘ggtree’
    
    See section ‘The DESCRIPTION file’ in the ‘Writing R Extensions’
    manual.
Flavor: r-release-macos-x86_64

Version: 1.1.2
Check: package dependencies
Result: ERROR
    Package required and available but unsuitable version: ‘ggtree’
    
    See section ‘The DESCRIPTION file’ in the ‘Writing R Extensions’
    manual.
Flavor: r-oldrel-macos-x86_64