CRAN Package Check Results for Package STraTUS

Last updated on 2020-02-26 10:48:34 CET.

Flavor Version Tinstall Tcheck Ttotal Status Flags
r-devel-linux-x86_64-debian-clang 1.1.1 11.28 103.15 114.43 OK
r-devel-linux-x86_64-debian-gcc 1.1.1 10.22 76.46 86.68 OK
r-devel-linux-x86_64-fedora-clang 1.1.1 132.66 OK
r-devel-linux-x86_64-fedora-gcc 1.1.1 130.78 OK
r-devel-windows-ix86+x86_64 1.1.1 25.00 103.00 128.00 OK
r-devel-windows-ix86+x86_64-gcc8 1.1.1 23.00 107.00 130.00 OK
r-patched-linux-x86_64 1.1.1 9.71 87.63 97.34 OK
r-patched-solaris-x86 1.1.1 177.50 OK
r-release-linux-x86_64 1.1.1 8.77 87.98 96.75 OK
r-release-windows-ix86+x86_64 1.1.1 20.00 99.00 119.00 OK
r-release-osx-x86_64 1.1.1 OK
r-oldrel-windows-ix86+x86_64 1.1.1 14.00 97.00 111.00 OK
r-oldrel-osx-x86_64 1.1.1 ERROR

Check Details

Version: 1.1.1
Check: package dependencies
Result: ERROR
    Package required and available but unsuitable version: ‘ggtree’
    
    See section ‘The DESCRIPTION file’ in the ‘Writing R Extensions’
    manual.
Flavor: r-oldrel-osx-x86_64