CRAN Package Check Results for Package STRMPS

Last updated on 2019-02-17 06:46:51 CET.

Flavor Version Tinstall Tcheck Ttotal Status Flags
r-devel-linux-x86_64-debian-clang 0.5.8 24.81 302.63 327.44 NOTE
r-devel-linux-x86_64-debian-gcc 0.5.8 23.02 235.59 258.61 NOTE
r-devel-linux-x86_64-fedora-clang 0.5.8 413.66 NOTE
r-devel-linux-x86_64-fedora-gcc 0.5.8 390.28 NOTE
r-devel-windows-ix86+x86_64 0.5.8 58.00 352.00 410.00 NOTE
r-patched-linux-x86_64 0.5.8 20.28 283.79 304.07 NOTE
r-patched-solaris-x86 0.5.8 565.70 NOTE
r-release-linux-x86_64 0.5.8 NOTE
r-release-windows-ix86+x86_64 0.5.8 36.00 379.00 415.00 NOTE
r-release-osx-x86_64 0.5.8 ERROR
r-oldrel-windows-ix86+x86_64 0.5.8 54.00 390.00 444.00 NOTE
r-oldrel-osx-x86_64 0.5.8 NOTE

Check Details

Version: 0.5.8
Check: package dependencies
Result: NOTE
    Package suggested but not available for checking: ‘STRaitRazoR’
Flavors: r-devel-linux-x86_64-debian-clang, r-devel-linux-x86_64-debian-gcc, r-devel-linux-x86_64-fedora-clang, r-devel-linux-x86_64-fedora-gcc, r-devel-windows-ix86+x86_64, r-patched-linux-x86_64, r-patched-solaris-x86, r-release-linux-x86_64, r-release-windows-ix86+x86_64, r-oldrel-windows-ix86+x86_64, r-oldrel-osx-x86_64

Version: 0.5.8
Check: package dependencies
Result: ERROR
    Package required but not available: ‘ShortRead’
    
    Package suggested but not available for checking: ‘STRaitRazoR’
    
    See section ‘The DESCRIPTION file’ in the ‘Writing R Extensions’
    manual.
Flavor: r-release-osx-x86_64