CRAN Package Check Results for Package STRMPS

Last updated on 2019-04-19 16:51:49 CEST.

Flavor Version Tinstall Tcheck Ttotal Status Flags
r-devel-linux-x86_64-debian-clang 0.5.8 34.74 299.51 334.25 NOTE
r-devel-linux-x86_64-debian-gcc 0.5.8 32.23 236.87 269.10 NOTE
r-devel-linux-x86_64-fedora-clang 0.5.8 427.04 NOTE
r-devel-linux-x86_64-fedora-gcc 0.5.8 406.17 NOTE
r-devel-windows-ix86+x86_64 0.5.8 85.00 310.00 395.00 NOTE
r-patched-linux-x86_64 0.5.8 30.14 290.32 320.46 NOTE
r-patched-solaris-x86 0.5.8 581.90 NOTE
r-release-linux-x86_64 0.5.8 22.31 284.09 306.40 NOTE
r-release-windows-ix86+x86_64 0.5.8 37.00 364.00 401.00 NOTE
r-release-osx-x86_64 0.5.8 ERROR
r-oldrel-windows-ix86+x86_64 0.5.8 51.00 371.00 422.00 NOTE
r-oldrel-osx-x86_64 0.5.8 NOTE

Check Details

Version: 0.5.8
Check: package dependencies
Result: NOTE
    Package suggested but not available for checking: 'STRaitRazoR'
Flavors: r-devel-linux-x86_64-debian-clang, r-devel-linux-x86_64-debian-gcc, r-devel-linux-x86_64-fedora-clang, r-devel-linux-x86_64-fedora-gcc, r-devel-windows-ix86+x86_64, r-patched-linux-x86_64, r-patched-solaris-x86, r-release-linux-x86_64, r-release-windows-ix86+x86_64, r-oldrel-windows-ix86+x86_64, r-oldrel-osx-x86_64

Version: 0.5.8
Check: package dependencies
Result: ERROR
    Package required but not available: ‘ShortRead’
    
    Package suggested but not available for checking: ‘STRaitRazoR’
    
    See section ‘The DESCRIPTION file’ in the ‘Writing R Extensions’
    manual.
Flavor: r-release-osx-x86_64