CRAN Package Check Results for Package STRMPS

Last updated on 2019-08-19 20:46:27 CEST.

Flavor Version Tinstall Tcheck Ttotal Status Flags
r-devel-linux-x86_64-debian-clang 0.5.8 33.40 306.49 339.89 NOTE
r-devel-linux-x86_64-debian-gcc 0.5.8 29.33 239.62 268.95 NOTE
r-devel-linux-x86_64-fedora-clang 0.5.8 414.74 NOTE
r-devel-linux-x86_64-fedora-gcc 0.5.8 371.56 NOTE
r-devel-windows-ix86+x86_64 0.5.8 89.00 394.00 483.00 NOTE
r-patched-linux-x86_64 0.5.8 31.74 287.01 318.75 NOTE
r-patched-solaris-x86 0.5.8 605.40 NOTE
r-release-linux-x86_64 0.5.8 31.30 284.58 315.88 NOTE
r-release-windows-ix86+x86_64 0.5.8 64.00 304.00 368.00 NOTE
r-release-osx-x86_64 0.5.8 ERROR
r-oldrel-windows-ix86+x86_64 0.5.8 50.00 349.00 399.00 NOTE
r-oldrel-osx-x86_64 0.5.8 ERROR

Check Details

Version: 0.5.8
Check: package dependencies
Result: NOTE
    Package suggested but not available for checking: 'STRaitRazoR'
Flavors: r-devel-linux-x86_64-debian-clang, r-devel-linux-x86_64-debian-gcc, r-devel-linux-x86_64-fedora-clang, r-devel-linux-x86_64-fedora-gcc, r-devel-windows-ix86+x86_64, r-patched-linux-x86_64, r-patched-solaris-x86, r-release-linux-x86_64, r-release-windows-ix86+x86_64, r-oldrel-windows-ix86+x86_64

Version: 0.5.8
Check: package dependencies
Result: ERROR
    Packages required but not available: 'Biostrings', 'ShortRead', 'IRanges'
    
    Package suggested but not available for checking: ‘STRaitRazoR’
    
    See section ‘The DESCRIPTION file’ in the ‘Writing R Extensions’
    manual.
Flavor: r-release-osx-x86_64

Version: 0.5.8
Check: package dependencies
Result: ERROR
    Package required but not available: ‘ShortRead’
    
    Package suggested but not available for checking: ‘STRaitRazoR’
    
    See section ‘The DESCRIPTION file’ in the ‘Writing R Extensions’
    manual.
Flavor: r-oldrel-osx-x86_64