CRAN Package Check Results for Package SSrat

Last updated on 2024-06-13 04:52:42 CEST.

Flavor Version Tinstall Tcheck Ttotal Status Flags
r-devel-linux-x86_64-debian-clang 1.1 6.22 51.88 58.10 NOTE
r-devel-linux-x86_64-debian-gcc 1.1 0.30 1.74 2.04 ERROR
r-devel-linux-x86_64-fedora-clang 1.1 76.61 NOTE
r-devel-linux-x86_64-fedora-gcc 1.1 69.89 NOTE
r-devel-windows-x86_64 1.1 6.00 62.00 68.00 NOTE
r-patched-linux-x86_64 1.1 10.38 51.77 62.15 NOTE
r-release-linux-x86_64 1.1 4.67 51.17 55.84 NOTE
r-release-macos-arm64 1.1 27.00 NOTE
r-release-macos-x86_64 1.1 39.00 NOTE
r-release-windows-x86_64 1.1 9.00 63.00 72.00 NOTE
r-oldrel-macos-arm64 1.1 26.00 OK
r-oldrel-macos-x86_64 1.1 40.00 OK
r-oldrel-windows-x86_64 1.1 9.00 69.00 78.00 OK

Check Details

Version: 1.1
Check: Rd files
Result: NOTE checkRd: (-1) readratdatafixed.Rd:25: Lost braces; missing escapes or markup? 25 | number of the set {1, 2, 3}, {1..5}, {1..7} or {1..9}. When there are 10 | ^ checkRd: (-1) readratdatafixed.Rd:25: Lost braces; missing escapes or markup? 25 | number of the set {1, 2, 3}, {1..5}, {1..7} or {1..9}. When there are 10 | ^ checkRd: (-1) readratdatafixed.Rd:25: Lost braces; missing escapes or markup? 25 | number of the set {1, 2, 3}, {1..5}, {1..7} or {1..9}. When there are 10 | ^ checkRd: (-1) readratdatafixed.Rd:25: Lost braces; missing escapes or markup? 25 | number of the set {1, 2, 3}, {1..5}, {1..7} or {1..9}. When there are 10 | ^ Flavors: r-devel-linux-x86_64-debian-clang, r-devel-linux-x86_64-fedora-clang, r-devel-linux-x86_64-fedora-gcc, r-devel-windows-x86_64, r-patched-linux-x86_64, r-release-linux-x86_64, r-release-macos-arm64, r-release-macos-x86_64, r-release-windows-x86_64

Version: 1.1
Check: package dependencies
Result: ERROR Package required but not available: ‘sna’ See section ‘The DESCRIPTION file’ in the ‘Writing R Extensions’ manual. Flavor: r-devel-linux-x86_64-debian-gcc