CRAN Package Check Results for Package SSDforR

Last updated on 2021-08-05 12:57:31 CEST.

Flavor Version Tinstall Tcheck Ttotal Status Flags
r-devel-linux-x86_64-debian-clang 1.5.22 13.81 109.31 123.12 OK
r-devel-linux-x86_64-debian-gcc 1.5.22 13.01 81.27 94.28 OK
r-devel-linux-x86_64-fedora-clang 1.5.22 160.26 OK
r-devel-linux-x86_64-fedora-gcc 1.5.22 143.57 OK
r-devel-windows-x86_64 1.5.21 22.00 151.00 173.00 OK
r-devel-windows-x86_64-gcc10-UCRT 1.5.22 ERROR
r-patched-linux-x86_64 1.5.21 13.80 101.78 115.58 OK
r-patched-solaris-x86 1.5.22 183.60 OK
r-release-linux-x86_64 1.5.22 14.33 101.47 115.80 OK
r-release-macos-arm64 1.5.21 OK
r-release-macos-x86_64 1.5.22 OK
r-release-windows-ix86+x86_64 1.5.22 20.00 110.00 130.00 OK
r-oldrel-macos-x86_64 1.5.22 OK
r-oldrel-windows-ix86+x86_64 1.5.21 30.00 145.00 175.00 OK

Check Details

Version: 1.5.22
Check: package dependencies
Result: ERROR
    Package required but not available: 'SingleCaseES'
    
    See section 'The DESCRIPTION file' in the 'Writing R Extensions'
    manual.
Flavor: r-devel-windows-x86_64-gcc10-UCRT