CRAN Package Check Results for Package SSDM

Last updated on 2018-07-20 20:50:00 CEST.

Flavor Version Tinstall Tcheck Ttotal Status Flags
r-devel-linux-x86_64-debian-clang 0.2.4 23.61 244.43 268.04 OK
r-devel-linux-x86_64-debian-gcc 0.2.4 18.06 192.66 210.72 OK
r-devel-linux-x86_64-fedora-clang 0.2.4 312.05 NOTE
r-devel-linux-x86_64-fedora-gcc 0.2.4 306.90 NOTE
r-devel-windows-ix86+x86_64 0.2.4 30.00 389.00 419.00 OK
r-patched-linux-x86_64 0.2.4 20.32 218.69 239.01 OK
r-patched-solaris-x86 0.2.4 419.30 NOTE
r-release-linux-x86_64 0.2.4 14.35 219.52 233.87 OK
r-release-windows-ix86+x86_64 0.2.4 40.00 349.00 389.00 OK
r-release-osx-x86_64 0.2.4 NOTE
r-oldrel-windows-ix86+x86_64 0.2.4 28.00 266.00 294.00 OK
r-oldrel-osx-x86_64 0.2.4 NOTE

Check Details

Version: 0.2.4
Check: dependencies in R code
Result: NOTE
    Namespace in Imports field not imported from: ‘shinyFiles’
     All declared Imports should be used.
Flavors: r-devel-linux-x86_64-fedora-clang, r-devel-linux-x86_64-fedora-gcc, r-patched-solaris-x86, r-release-osx-x86_64, r-oldrel-osx-x86_64