CRAN Package Check Results for Package SSDM

Last updated on 2018-09-25 06:46:57 CEST.

Flavor Version Tinstall Tcheck Ttotal Status Flags
r-devel-linux-x86_64-debian-clang 0.2.4 18.77 244.94 263.71 OK
r-devel-linux-x86_64-debian-gcc 0.2.4 19.01 194.04 213.05 OK
r-devel-linux-x86_64-fedora-clang 0.2.4 317.41 NOTE
r-devel-linux-x86_64-fedora-gcc 0.2.4 245.17 NOTE
r-devel-windows-ix86+x86_64 0.2.4 46.00 366.00 412.00 OK
r-patched-linux-x86_64 0.2.4 18.18 157.30 175.48 OK
r-patched-solaris-x86 0.2.4 414.60 NOTE
r-release-linux-x86_64 0.2.4 19.82 212.33 232.15 WARN
r-release-windows-ix86+x86_64 0.2.4 42.00 327.00 369.00 OK
r-release-osx-x86_64 0.2.4 NOTE
r-oldrel-windows-ix86+x86_64 0.2.4 19.00 244.00 263.00 OK
r-oldrel-osx-x86_64 0.2.4 NOTE

Check Details

Version: 0.2.4
Check: dependencies in R code
Result: NOTE
    Namespace in Imports field not imported from: ‘shinyFiles’
     All declared Imports should be used.
Flavors: r-devel-linux-x86_64-fedora-clang, r-devel-linux-x86_64-fedora-gcc, r-patched-solaris-x86, r-release-osx-x86_64, r-oldrel-osx-x86_64

Version: 0.2.4
Check: re-building of vignette outputs
Result: WARN
    Error in re-building vignettes:
     ...
    Quitting from lines 92-96 (SSDM.Rmd)
    Error: processing vignette ‘SSDM.Rmd’ failed with diagnostics:
    trying to get slot "projection" from an object of a basic class ("NULL") with no slots
    Execution halted
Flavor: r-release-linux-x86_64