CRAN Package Check Results for Package SSDM

Last updated on 2019-03-20 16:49:21 CET.

Flavor Version Tinstall Tcheck Ttotal Status Flags
r-devel-linux-x86_64-debian-clang 0.2.4 23.83 232.16 255.99 OK
r-devel-linux-x86_64-debian-gcc 0.2.4 23.62 177.63 201.25 OK
r-devel-linux-x86_64-fedora-clang 0.2.4 314.27 NOTE
r-devel-linux-x86_64-fedora-gcc 0.2.4 306.06 NOTE
r-devel-windows-ix86+x86_64 0.2.4 58.00 290.00 348.00 OK
r-patched-linux-x86_64 0.2.4 21.22 231.93 253.15 OK
r-patched-solaris-x86 0.2.4 457.60 NOTE
r-release-linux-x86_64 0.2.4 16.37 230.85 247.22 OK
r-release-windows-ix86+x86_64 0.2.4 34.00 254.00 288.00 OK
r-release-osx-x86_64 0.2.4 NOTE
r-oldrel-windows-ix86+x86_64 0.2.4 35.00 373.00 408.00 OK
r-oldrel-osx-x86_64 0.2.4 NOTE

Check Details

Version: 0.2.4
Check: dependencies in R code
Result: NOTE
    Namespace in Imports field not imported from: ‘shinyFiles’
     All declared Imports should be used.
Flavors: r-devel-linux-x86_64-fedora-clang, r-devel-linux-x86_64-fedora-gcc, r-patched-solaris-x86, r-release-osx-x86_64, r-oldrel-osx-x86_64