CRAN Package Check Results for Package SSDM

Last updated on 2018-12-13 12:50:52 CET.

Flavor Version Tinstall Tcheck Ttotal Status Flags
r-devel-linux-x86_64-debian-clang 0.2.4 18.98 237.43 256.41 OK
r-devel-linux-x86_64-debian-gcc 0.2.4 18.00 184.39 202.39 OK
r-devel-linux-x86_64-fedora-clang 0.2.4 300.09 NOTE
r-devel-linux-x86_64-fedora-gcc 0.2.4 299.86 NOTE
r-devel-windows-ix86+x86_64 0.2.4 48.00 350.00 398.00 OK
r-patched-linux-x86_64 0.2.4 22.14 226.95 249.09 OK
r-patched-solaris-x86 0.2.4 455.20 NOTE
r-release-linux-x86_64 0.2.4 22.14 227.21 249.35 OK
r-release-windows-ix86+x86_64 0.2.4 40.00 326.00 366.00 OK
r-release-osx-x86_64 0.2.4 NOTE
r-oldrel-windows-ix86+x86_64 0.2.4 19.00 268.00 287.00 OK
r-oldrel-osx-x86_64 0.2.4 NOTE

Check Details

Version: 0.2.4
Check: dependencies in R code
Result: NOTE
    Namespace in Imports field not imported from: ‘shinyFiles’
     All declared Imports should be used.
Flavors: r-devel-linux-x86_64-fedora-clang, r-devel-linux-x86_64-fedora-gcc, r-patched-solaris-x86, r-release-osx-x86_64, r-oldrel-osx-x86_64