Last updated on 2023-03-27 08:51:28 CEST.
Flavor | Version | Tinstall | Tcheck | Ttotal | Status | Flags |
---|---|---|---|---|---|---|
r-devel-linux-x86_64-debian-clang | 1.1 | 5.71 | 38.00 | 43.71 | OK | |
r-devel-linux-x86_64-debian-gcc | 1.1 | 3.41 | 29.30 | 32.71 | OK | |
r-devel-linux-x86_64-fedora-clang | 1.1 | 54.78 | NOTE | |||
r-devel-windows-x86_64 | 1.1 | 12.00 | 69.00 | 81.00 | OK | |
r-patched-linux-x86_64 | 1.1 | 5.45 | 36.88 | 42.33 | OK | |
r-release-linux-x86_64 | 1.1 | 4.84 | 39.23 | 44.07 | OK | |
r-release-macos-arm64 | 1.1 | 20.00 | OK | |||
r-release-macos-x86_64 | 1.1 | 32.00 | OK | |||
r-release-windows-x86_64 | 1.1 | 14.00 | 70.00 | 84.00 | OK | |
r-oldrel-macos-arm64 | 1.1 | 24.00 | OK | |||
r-oldrel-macos-x86_64 | 1.1 | 36.00 | OK | |||
r-oldrel-windows-ix86+x86_64 | 1.1 | 9.00 | 72.00 | 81.00 | OK |
Version: 1.1
Check: Rd cross-references
Result: NOTE
Undeclared packages ‘RColorBrewer’, ‘colorspace’ in Rd xrefs
Flavor: r-devel-linux-x86_64-fedora-clang