Last updated on 2023-12-11 05:52:09 CET.
Flavor | Version | Tinstall | Tcheck | Ttotal | Status | Flags |
---|---|---|---|---|---|---|
r-devel-linux-x86_64-debian-clang | 2021.1 | 2.60 | 30.39 | 32.99 | NOTE | |
r-devel-linux-x86_64-debian-gcc | 2021.1 | 1.57 | 24.17 | 25.74 | NOTE | |
r-devel-linux-x86_64-fedora-clang | 2021.1 | 42.82 | OK | |||
r-devel-linux-x86_64-fedora-gcc | 2021.1 | 51.85 | OK | |||
r-devel-windows-x86_64 | 2021.1 | 4.00 | 58.00 | 62.00 | OK | |
r-patched-linux-x86_64 | 2021.1 | 2.79 | 30.48 | 33.27 | OK | |
r-release-linux-x86_64 | 2021.1 | 2.89 | 30.56 | 33.45 | OK | |
r-release-macos-arm64 | 2021.1 | 27.00 | OK | |||
r-release-macos-x86_64 | 2021.1 | 37.00 | OK | |||
r-release-windows-x86_64 | 2021.1 | 4.00 | 54.00 | 58.00 | OK | |
r-oldrel-macos-arm64 | 2021.1 | 20.00 | OK | |||
r-oldrel-macos-x86_64 | 2021.1 | 27.00 | OK | |||
r-oldrel-windows-x86_64 | 2021.1 | 6.00 | 65.00 | 71.00 | OK |
Version: 2021.1
Check: Rd files
Result: NOTE
checkRd: (-1) fpiter.Rd:55-58: Lost braces
55 | \code{tol}{ - a small, positive scalar that determines when iterations
| ^
checkRd: (-1) fpiter.Rd:60-61: Lost braces
60 | \code{maxiter}{ - an integer denoting the maximum limit on the number of
| ^
checkRd: (-1) fpiter.Rd:63-65: Lost braces
63 | \code{trace}{ - a logical variable denoting whether some of the intermediate
| ^
checkRd: (-1) fpiter.Rd:67-70: Lost braces
67 | \code{intermed}}{ - a logical variable denoting whether the intermediate
| ^
checkRd: (-1) squarem.Rd:134: Lost braces
134 | along with the corresponding log-likelihood value. When the code{objfn} is not specified it will return the fixed-point residual instead of the objective function values.
| ^
Flavors: r-devel-linux-x86_64-debian-clang, r-devel-linux-x86_64-debian-gcc