CRAN Package Check Results for Package SPlit

Last updated on 2021-12-04 21:53:23 CET.

Flavor Version Tinstall Tcheck Ttotal Status Flags
r-devel-linux-x86_64-debian-clang 1.0 33.52 33.39 66.91 NOTE
r-devel-linux-x86_64-debian-gcc 1.0 25.56 27.03 52.59 NOTE
r-devel-linux-x86_64-fedora-clang 1.0 109.57 NOTE
r-devel-linux-x86_64-fedora-gcc 1.0 83.94 NOTE
r-devel-windows-x86_64-new-UL 1.0 49.00 83.00 132.00 NOTE
r-devel-windows-x86_64-new-TK 1.0 NOTE
r-devel-windows-x86_64-old 1.0 50.00 41.00 91.00 NOTE
r-patched-linux-x86_64 1.0 32.01 24.52 56.53 NOTE
r-release-linux-x86_64 1.0 32.25 24.35 56.60 NOTE
r-release-macos-arm64 1.0 NOTE
r-release-macos-x86_64 1.0 NOTE
r-release-windows-ix86+x86_64 1.0 99.00 72.00 171.00 NOTE
r-oldrel-macos-x86_64 1.0 OK
r-oldrel-windows-ix86+x86_64 1.0 95.00 72.00 167.00 OK

Check Details

Version: 1.0
Check: LazyData
Result: NOTE
     'LazyData' is specified without a 'data' directory
Flavors: r-devel-linux-x86_64-debian-clang, r-devel-linux-x86_64-debian-gcc, r-devel-linux-x86_64-fedora-clang, r-devel-linux-x86_64-fedora-gcc, r-devel-windows-x86_64-new-UL, r-devel-windows-x86_64-new-TK, r-devel-windows-x86_64-old, r-patched-linux-x86_64, r-release-linux-x86_64, r-release-macos-arm64, r-release-macos-x86_64, r-release-windows-ix86+x86_64