CRAN Package Check Results for Package SPlit

Last updated on 2024-02-26 23:53:21 CET.

Flavor Version Tinstall Tcheck Ttotal Status Flags
r-devel-linux-x86_64-debian-clang 1.2 35.19 28.82 64.01 NOTE
r-devel-linux-x86_64-debian-gcc 1.2 31.53 22.55 54.08 NOTE
r-devel-linux-x86_64-fedora-clang 1.2 109.28 NOTE
r-devel-linux-x86_64-fedora-gcc 1.2 96.29 NOTE
r-devel-windows-x86_64 1.2 32.00 76.00 108.00 NOTE
r-patched-linux-x86_64 1.2 41.00 28.45 69.45 NOTE
r-release-linux-x86_64 1.2 37.26 27.86 65.12 NOTE
r-release-macos-arm64 1.2 27.00 NOTE
r-release-macos-x86_64 1.2 43.00 NOTE
r-release-windows-x86_64 1.2 41.00 72.00 113.00 NOTE
r-oldrel-macos-arm64 1.2 30.00 OK
r-oldrel-windows-x86_64 1.2 40.00 72.00 112.00 OK

Check Details

Version: 1.2
Check: C++ specification
Result: NOTE Specified C++11: please drop specification unless essential Flavors: r-devel-linux-x86_64-debian-clang, r-devel-linux-x86_64-debian-gcc, r-devel-linux-x86_64-fedora-clang, r-devel-linux-x86_64-fedora-gcc, r-devel-windows-x86_64, r-patched-linux-x86_64, r-release-linux-x86_64, r-release-macos-arm64, r-release-macos-x86_64, r-release-windows-x86_64