CRAN Package Check Results for Package SPCDAnalyze

Last updated on 2024-06-13 05:59:22 CEST.

Flavor Version Tinstall Tcheck Ttotal Status Flags
r-devel-linux-x86_64-debian-clang 0.1.0 10.77 79.85 90.62 NOTE
r-devel-linux-x86_64-debian-gcc 0.1.0 0.34 1.70 2.04 ERROR
r-devel-linux-x86_64-fedora-clang 0.1.0 121.30 NOTE
r-devel-linux-x86_64-fedora-gcc 0.1.0 105.03 NOTE
r-devel-windows-x86_64 0.1.0 8.00 71.00 79.00 NOTE
r-patched-linux-x86_64 0.1.0 9.61 76.11 85.72 NOTE
r-release-linux-x86_64 0.1.0 7.68 78.23 85.91 NOTE
r-release-macos-arm64 0.1.0 36.00 NOTE
r-release-macos-x86_64 0.1.0 54.00 NOTE
r-release-windows-x86_64 0.1.0 9.00 75.00 84.00 NOTE
r-oldrel-macos-arm64 0.1.0 37.00 NOTE
r-oldrel-macos-x86_64 0.1.0 58.00 NOTE
r-oldrel-windows-x86_64 0.1.0 11.00 92.00 103.00 NOTE

Check Details

Version: 0.1.0
Check: LazyData
Result: NOTE 'LazyData' is specified without a 'data' directory Flavors: r-devel-linux-x86_64-debian-clang, r-devel-linux-x86_64-fedora-clang, r-devel-linux-x86_64-fedora-gcc, r-devel-windows-x86_64, r-patched-linux-x86_64, r-release-linux-x86_64, r-release-macos-arm64, r-release-macos-x86_64, r-release-windows-x86_64, r-oldrel-macos-arm64, r-oldrel-macos-x86_64, r-oldrel-windows-x86_64

Version: 0.1.0
Check: package dependencies
Result: ERROR Package required but not available: ‘lme4’ See section ‘The DESCRIPTION file’ in the ‘Writing R Extensions’ manual. Flavor: r-devel-linux-x86_64-debian-gcc