CRAN Package Check Results for Package SMMA

Last updated on 2024-03-01 20:53:01 CET.

Flavor Version Tinstall Tcheck Ttotal Status Flags
r-devel-linux-x86_64-debian-clang 1.0.3 46.34 31.85 78.19 NOTE
r-devel-linux-x86_64-debian-gcc 1.0.3 29.46 24.77 54.23 NOTE
r-devel-linux-x86_64-fedora-clang 1.0.3 106.46 NOTE
r-devel-linux-x86_64-fedora-gcc 1.0.3 106.92 NOTE
r-devel-windows-x86_64 1.0.3 33.00 83.00 116.00 NOTE
r-patched-linux-x86_64 1.0.3 40.98 31.61 72.59 NOTE
r-release-linux-x86_64 1.0.3 40.40 31.60 72.00 NOTE
r-release-macos-arm64 1.0.3 34.00 NOTE
r-release-macos-x86_64 1.0.3 52.00 NOTE
r-release-windows-x86_64 1.0.3 30.00 81.00 111.00 NOTE
r-oldrel-macos-arm64 1.0.3 33.00 OK
r-oldrel-windows-x86_64 1.0.3 41.00 71.00 112.00 OK

Check Details

Version: 1.0.3
Check: C++ specification
Result: NOTE Specified C++11: please drop specification unless essential Flavors: r-devel-linux-x86_64-debian-clang, r-devel-linux-x86_64-debian-gcc, r-devel-linux-x86_64-fedora-clang, r-devel-linux-x86_64-fedora-gcc, r-devel-windows-x86_64, r-patched-linux-x86_64, r-release-linux-x86_64, r-release-macos-arm64, r-release-macos-x86_64, r-release-windows-x86_64

Version: 1.0.3
Check: Rd files
Result: NOTE checkRd: (-1) SMMA.Rd:115: Lost braces 115 | is the empirical explained variance from \cite{Meinshausen and B{u}hlmann, 2015}. See \cite{Lund et al., 2020} for more details and references. | ^ checkRd: (-1) SMMA.Rd:170: Lost braces 170 | Meinshausen, N and P. B{u}hlmann (2015). Maximin effects in inhomogeneous large-scale data. | ^ Flavors: r-devel-linux-x86_64-debian-clang, r-devel-linux-x86_64-debian-gcc, r-devel-linux-x86_64-fedora-clang, r-devel-linux-x86_64-fedora-gcc