Last updated on 2023-12-09 10:49:56 CET.
Flavor | Version | Tinstall | Tcheck | Ttotal | Status | Flags |
---|---|---|---|---|---|---|
r-devel-linux-x86_64-debian-clang | 0.0.4 | 48.58 | 270.92 | 319.50 | NOTE | |
r-devel-linux-x86_64-debian-gcc | 0.0.4 | 40.22 | 195.40 | 235.62 | NOTE | |
r-devel-linux-x86_64-fedora-clang | 0.0.4 | 391.39 | NOTE | |||
r-devel-linux-x86_64-fedora-gcc | 0.0.4 | 380.47 | NOTE | |||
r-devel-windows-x86_64 | 0.0.4 | 46.00 | 194.00 | 240.00 | NOTE | |
r-patched-linux-x86_64 | 0.0.4 | 36.31 | 259.53 | 295.84 | OK | |
r-release-linux-x86_64 | 0.0.4 | 40.18 | 251.60 | 291.78 | OK | |
r-release-macos-arm64 | 0.0.4 | 120.00 | NOTE | |||
r-release-macos-x86_64 | 0.0.4 | 196.00 | NOTE | |||
r-release-windows-x86_64 | 0.0.4 | 58.00 | 250.00 | 308.00 | NOTE | |
r-oldrel-macos-arm64 | 0.0.4 | 156.00 | NOTE | |||
r-oldrel-macos-x86_64 | 0.0.4 | 196.00 | NOTE | |||
r-oldrel-windows-x86_64 | 0.0.4 | 61.00 | 245.00 | 306.00 | NOTE |
Version: 0.0.4
Check: Rd files
Result: NOTE
checkRd: (-1) outliers.hdts.Rd:44: Lost braces; missing escapes or markup?
44 | \item I.cov.rob - The matrix (V'GnV)^{-1} used to compute the statistics to detect the idiosyncratic outliers.
| ^
Flavors: r-devel-linux-x86_64-debian-clang, r-devel-linux-x86_64-debian-gcc
Version: 0.0.4
Check: installed package size
Result: NOTE
installed size is 5.5Mb
sub-directories of 1Mb or more:
data 5.1Mb
Flavors: r-devel-linux-x86_64-fedora-clang, r-devel-windows-x86_64, r-release-macos-arm64, r-release-macos-x86_64, r-release-windows-x86_64, r-oldrel-macos-arm64, r-oldrel-macos-x86_64, r-oldrel-windows-x86_64
Version: 0.0.4
Check: data for non-ASCII characters
Result: NOTE
Note: found 23 marked UTF-8 strings
Flavors: r-devel-linux-x86_64-fedora-clang, r-devel-linux-x86_64-fedora-gcc, r-oldrel-macos-arm64, r-oldrel-macos-x86_64