CRAN Package Check Results for Package SLBDD

Last updated on 2023-01-30 20:55:58 CET.

Flavor Version Tinstall Tcheck Ttotal Status Flags
r-devel-linux-x86_64-debian-clang 0.0.4 50.09 269.34 319.43 OK
r-devel-linux-x86_64-debian-gcc 0.0.4 43.91 196.71 240.62 OK
r-devel-linux-x86_64-fedora-clang 0.0.4 391.47 NOTE
r-devel-linux-x86_64-fedora-gcc 0.0.4 386.48 NOTE
r-devel-windows-x86_64 0.0.4 100.00 307.00 407.00 NOTE
r-patched-linux-x86_64 0.0.4 42.98 266.65 309.63 OK
r-release-linux-x86_64 0.0.4 43.32 272.28 315.60 OK
r-release-macos-arm64 0.0.4 156.00 NOTE
r-release-macos-x86_64 0.0.4 196.00 NOTE
r-release-windows-x86_64 0.0.4 73.00 308.00 381.00 NOTE
r-oldrel-macos-arm64 0.0.4 156.00 NOTE
r-oldrel-macos-x86_64 0.0.4 191.00 NOTE
r-oldrel-windows-ix86+x86_64 0.0.4 85.00 289.00 374.00 NOTE

Check Details

Version: 0.0.4
Check: installed package size
Result: NOTE
     installed size is 5.5Mb
     sub-directories of 1Mb or more:
     data 5.1Mb
Flavors: r-devel-linux-x86_64-fedora-clang, r-devel-windows-x86_64, r-release-macos-arm64, r-release-macos-x86_64, r-release-windows-x86_64, r-oldrel-macos-arm64, r-oldrel-macos-x86_64, r-oldrel-windows-ix86+x86_64

Version: 0.0.4
Check: data for non-ASCII characters
Result: NOTE
     Note: found 23 marked UTF-8 strings
Flavors: r-devel-linux-x86_64-fedora-clang, r-devel-linux-x86_64-fedora-gcc, r-release-macos-arm64, r-release-macos-x86_64, r-oldrel-macos-arm64, r-oldrel-macos-x86_64