CRAN Package Check Results for Package SHELF

Last updated on 2019-04-19 21:47:09 CEST.

Flavor Version Tinstall Tcheck Ttotal Status Flags
r-devel-linux-x86_64-debian-clang 1.5.0 9.98 88.76 98.74 OK
r-devel-linux-x86_64-debian-gcc 1.5.0 7.99 68.45 76.44 OK
r-devel-linux-x86_64-fedora-clang 1.5.0 115.47 OK
r-devel-linux-x86_64-fedora-gcc 1.5.0 109.85 OK
r-devel-windows-ix86+x86_64 1.5.0 25.00 193.00 218.00 OK
r-patched-linux-x86_64 1.5.0 9.86 86.68 96.54 OK
r-patched-solaris-x86 1.5.0 136.80 OK
r-release-linux-x86_64 1.5.0 6.32 81.00 87.32 OK
r-release-windows-ix86+x86_64 1.5.0 12.00 128.00 140.00 OK
r-release-osx-x86_64 1.5.0 OK
r-oldrel-windows-ix86+x86_64 1.3.0 7.00 128.00 135.00 OK
r-oldrel-osx-x86_64 1.5.0 ERROR

Check Details

Version: 1.5.0
Check: package dependencies
Result: ERROR
    Package required but not available: ‘shinyMatrix’
    
    See section ‘The DESCRIPTION file’ in the ‘Writing R Extensions’
    manual.
Flavor: r-oldrel-osx-x86_64