CRAN Package Check Results for Package SHAPforxgboost

Last updated on 2020-08-12 21:49:56 CEST.

Flavor Version Tinstall Tcheck Ttotal Status Flags
r-devel-linux-x86_64-debian-clang 0.0.4 0.47 2.44 2.91 ERROR
r-devel-linux-x86_64-debian-gcc 0.0.4 10.82 86.48 97.30 OK
r-devel-linux-x86_64-fedora-clang 0.0.4 157.40 OK
r-devel-linux-x86_64-fedora-gcc 0.0.4 147.30 OK
r-devel-windows-ix86+x86_64 0.0.4 38.00 166.00 204.00 OK
r-patched-linux-x86_64 0.0.4 8.79 112.00 120.79 OK
r-patched-solaris-x86 0.0.4 217.30 OK
r-release-linux-x86_64 0.0.4 0.38 2.33 2.71 ERROR
r-release-macos-x86_64 0.0.4 OK
r-release-windows-ix86+x86_64 0.0.4 40.00 162.00 202.00 OK
r-oldrel-macos-x86_64 0.0.4 OK
r-oldrel-windows-ix86+x86_64 0.0.4 17.00 127.00 144.00 OK

Check Details

Version: 0.0.4
Check: package dependencies
Result: ERROR
    Package required but not available: 'ggpubr'
    
    See section 'The DESCRIPTION file' in the 'Writing R Extensions'
    manual.
Flavors: r-devel-linux-x86_64-debian-clang, r-release-linux-x86_64