CRAN Package Check Results for Package SGPdata

Last updated on 2022-06-28 17:51:00 CEST.

Flavor Version Tinstall Tcheck Ttotal Status Flags
r-devel-linux-x86_64-debian-clang 26.0-0.0 78.82 64.29 143.11 OK
r-devel-linux-x86_64-debian-gcc 26.0-0.0 65.16 49.69 114.85 OK
r-devel-linux-x86_64-fedora-clang 26.0-0.0 198.80 NOTE
r-devel-linux-x86_64-fedora-gcc 26.0-0.0 193.85 OK
r-devel-windows-x86_64 26.0-0.0 78.00 105.00 183.00 NOTE
r-patched-linux-x86_64 26.0-0.0 75.40 61.34 136.74 OK
r-release-linux-x86_64 26.0-0.0 74.18 60.80 134.98 OK
r-release-macos-arm64 26.0-0.0 78.00 NOTE
r-release-macos-x86_64 26.0-0.0 87.00 NOTE
r-release-windows-x86_64 26.0-0.0 78.00 90.00 168.00 NOTE
r-oldrel-macos-arm64 26.0-0.0 80.00 NOTE
r-oldrel-macos-x86_64 26.0-0.0 91.00 NOTE
r-oldrel-windows-ix86+x86_64 26.0-0.0 105.00 88.00 193.00 NOTE

Check Details

Version: 26.0-0.0
Check: installed package size
Result: NOTE
     installed size is 6.9Mb
     sub-directories of 1Mb or more:
     data 6.7Mb
Flavors: r-devel-linux-x86_64-fedora-clang, r-devel-windows-x86_64, r-release-macos-arm64, r-release-macos-x86_64, r-release-windows-x86_64, r-oldrel-macos-arm64, r-oldrel-macos-x86_64, r-oldrel-windows-ix86+x86_64