CRAN Package Check Results for Package SGP

Last updated on 2022-09-27 14:53:41 CEST.

Flavor Version Tinstall Tcheck Ttotal Status Flags
r-devel-linux-x86_64-debian-clang 2.0-0.0 65.86 312.71 378.57 OK
r-devel-linux-x86_64-debian-gcc 2.0-0.0 51.25 228.05 279.30 OK
r-devel-linux-x86_64-fedora-clang 2.0-0.0 499.76 NOTE
r-devel-linux-x86_64-fedora-gcc 2.0-0.0 470.53 OK
r-devel-windows-x86_64 2.0-0.0 74.00 321.00 395.00 NOTE
r-patched-linux-x86_64 2.0-0.0 47.49 297.87 345.36 OK
r-release-linux-x86_64 2.0-0.0 51.80 299.23 351.03 OK
r-release-macos-arm64 2.0-0.0 106.00 NOTE
r-release-macos-x86_64 2.0-0.0 144.00 NOTE
r-release-windows-x86_64 2.0-0.0 70.00 326.00 396.00 NOTE
r-oldrel-macos-arm64 2.0-0.0 107.00 NOTE
r-oldrel-macos-x86_64 2.0-0.0 148.00 NOTE
r-oldrel-windows-ix86+x86_64 2.0-0.0 110.00 310.00 420.00 NOTE

Check Details

Version: 2.0-0.0
Check: package dependencies
Result: NOTE
    Imports includes 22 non-default packages.
    Importing from so many packages makes the package vulnerable to any of
    them becoming unavailable. Move as many as possible to Suggests and
    use conditionally.
Flavor: r-devel-linux-x86_64-fedora-clang

Version: 2.0-0.0
Check: installed package size
Result: NOTE
     installed size is 7.4Mb
     sub-directories of 1Mb or more:
     R 1.3Mb
     doc 5.0Mb
Flavors: r-devel-linux-x86_64-fedora-clang, r-devel-windows-x86_64, r-release-macos-arm64, r-release-macos-x86_64, r-release-windows-x86_64, r-oldrel-macos-arm64, r-oldrel-macos-x86_64, r-oldrel-windows-ix86+x86_64