CRAN Package Check Results for Package SDMtune

Last updated on 2020-01-29 09:52:02 CET.

Flavor Version Tinstall Tcheck Ttotal Status Flags
r-devel-linux-x86_64-debian-clang 1.0.1 63.12 215.15 278.27 OK
r-devel-linux-x86_64-debian-gcc 1.0.1 46.54 155.25 201.79 OK
r-devel-linux-x86_64-fedora-clang 1.0.1 334.10 NOTE
r-devel-linux-x86_64-fedora-gcc 1.0.1 316.55 OK
r-devel-windows-ix86+x86_64 1.0.1 93.00 321.00 414.00 OK
r-devel-windows-ix86+x86_64-gcc8 1.0.1 152.00 440.00 592.00 NOTE
r-patched-linux-x86_64 1.0.1 OK
r-patched-solaris-x86 1.0.1 416.80 OK
r-release-linux-x86_64 1.0.1 50.60 176.71 227.31 OK
r-release-windows-ix86+x86_64 1.0.1 89.00 308.00 397.00 OK
r-release-osx-x86_64 1.0.1 OK
r-oldrel-windows-ix86+x86_64 1.0.1 74.00 357.00 431.00 OK
r-oldrel-osx-x86_64 1.0.1 OK

Check Details

Version: 1.0.1
Check: package dependencies
Result: NOTE
    Imports includes 21 non-default packages.
    Importing from so many packages makes the package vulnerable to any of
    them becoming unavailable. Move as many as possible to Suggests and
    use conditionally.
Flavor: r-devel-linux-x86_64-fedora-clang

Version: 1.0.1
Check: installed package size
Result: NOTE
     installed size is 5.0Mb
     sub-directories of 1Mb or more:
     R 1.5Mb
     libs 2.0Mb
Flavor: r-devel-windows-ix86+x86_64-gcc8