CRAN Package Check Results for Package SDLfilter

Last updated on 2019-09-15 08:47:29 CEST.

Flavor Version Tinstall Tcheck Ttotal Status Flags
r-devel-linux-x86_64-debian-clang 1.2.1 20.60 155.81 176.41 OK
r-devel-linux-x86_64-debian-gcc 1.2.1 17.76 118.68 136.44 OK
r-devel-linux-x86_64-fedora-clang 1.2.1 205.67 NOTE
r-devel-linux-x86_64-fedora-gcc 1.2.1 199.95 NOTE
r-devel-windows-ix86+x86_64 1.2.1 66.00 238.00 304.00 OK
r-patched-linux-x86_64 1.2.1 22.48 148.08 170.56 OK
r-patched-solaris-x86 1.2.1 310.10 NOTE
r-release-linux-x86_64 1.2.1 19.58 146.84 166.42 OK
r-release-windows-ix86+x86_64 1.2.1 35.00 159.00 194.00 OK
r-release-osx-x86_64 1.2.1 NOTE
r-oldrel-windows-ix86+x86_64 1.2.1 35.00 191.00 226.00 OK
r-oldrel-osx-x86_64 1.2.1 NOTE

Check Details

Version: 1.2.1
Check: dependencies in R code
Result: NOTE
    Namespace in Imports field not imported from: ‘maps’
     All declared Imports should be used.
Flavors: r-devel-linux-x86_64-fedora-clang, r-devel-linux-x86_64-fedora-gcc, r-patched-solaris-x86, r-release-osx-x86_64, r-oldrel-osx-x86_64