CRAN Package Check Results for Package SDLfilter

Last updated on 2020-01-19 21:48:56 CET.

Flavor Version Tinstall Tcheck Ttotal Status Flags
r-devel-linux-x86_64-debian-clang 1.2.1 20.57 170.87 191.44 OK
r-devel-linux-x86_64-debian-gcc 1.2.1 16.42 129.82 146.24 OK
r-devel-linux-x86_64-fedora-clang 1.2.1 227.59 NOTE
r-devel-linux-x86_64-fedora-gcc 1.2.1 226.57 NOTE
r-devel-windows-ix86+x86_64 1.2.1 77.00 270.00 347.00 OK
r-devel-windows-ix86+x86_64-gcc8 1.2.1 49.00 205.00 254.00 OK
r-patched-linux-x86_64 1.2.1 20.32 147.75 168.07 OK
r-patched-solaris-x86 1.2.1 319.90 NOTE
r-release-linux-x86_64 1.2.1 16.00 147.55 163.55 OK
r-release-windows-ix86+x86_64 1.2.1 56.00 248.00 304.00 OK
r-release-osx-x86_64 1.2.1 NOTE
r-oldrel-windows-ix86+x86_64 1.2.1 25.00 167.00 192.00 OK
r-oldrel-osx-x86_64 1.2.1 NOTE

Check Details

Version: 1.2.1
Check: dependencies in R code
Result: NOTE
    Namespace in Imports field not imported from: ‘maps’
     All declared Imports should be used.
Flavors: r-devel-linux-x86_64-fedora-clang, r-devel-linux-x86_64-fedora-gcc, r-patched-solaris-x86, r-release-osx-x86_64, r-oldrel-osx-x86_64