CRAN Package Check Results for Package SDEFSR

Last updated on 2025-01-23 15:49:31 CET.

Flavor Version Tinstall Tcheck Ttotal Status Flags
r-devel-linux-x86_64-debian-clang 0.7.22 8.22 65.50 73.72 NOTE
r-devel-linux-x86_64-debian-gcc 0.7.22 5.63 44.85 50.48 NOTE
r-devel-linux-x86_64-fedora-clang 0.7.22 123.06 NOTE
r-devel-linux-x86_64-fedora-gcc 0.7.22 140.04 NOTE
r-devel-windows-x86_64 0.7.22 11.00 93.00 104.00 NOTE
r-patched-linux-x86_64 0.7.22 9.10 61.90 71.00 NOTE
r-release-linux-x86_64 0.7.22 8.16 61.98 70.14 NOTE
r-release-macos-arm64 0.7.22 50.00 NOTE
r-release-macos-x86_64 0.7.22 70.00 NOTE
r-release-windows-x86_64 0.7.22 9.00 95.00 104.00 NOTE
r-oldrel-macos-arm64 0.7.22 48.00 NOTE
r-oldrel-macos-x86_64 0.7.22 76.00 NOTE
r-oldrel-windows-x86_64 0.7.22 12.00 104.00 116.00 NOTE

Check Details

Version: 0.7.22
Check: package subdirectories
Result: NOTE Problems with news in ‘NEWS.md’: No news entries found. Flavors: r-devel-linux-x86_64-debian-clang, r-devel-linux-x86_64-debian-gcc, r-devel-linux-x86_64-fedora-clang, r-devel-linux-x86_64-fedora-gcc, r-devel-windows-x86_64, r-patched-linux-x86_64, r-release-linux-x86_64, r-release-macos-arm64, r-release-macos-x86_64, r-release-windows-x86_64, r-oldrel-macos-arm64, r-oldrel-macos-x86_64, r-oldrel-windows-x86_64