CRAN Package Check Results for Package SDEFSR

Last updated on 2024-03-01 19:49:11 CET.

Flavor Version Tinstall Tcheck Ttotal Status Flags
r-devel-linux-x86_64-debian-clang 0.7.22 7.24 84.81 92.05 NOTE
r-devel-linux-x86_64-debian-gcc 0.7.22 7.91 62.29 70.20 NOTE
r-devel-linux-x86_64-fedora-clang 0.7.22 119.53 NOTE
r-devel-linux-x86_64-fedora-gcc 0.7.22 133.56 NOTE
r-devel-windows-x86_64 0.7.22 10.00 89.00 99.00 NOTE
r-patched-linux-x86_64 0.7.22 8.54 80.77 89.31 NOTE
r-release-linux-x86_64 0.7.22 9.15 81.24 90.39 NOTE
r-release-macos-arm64 0.7.22 48.00 NOTE
r-release-macos-x86_64 0.7.22 76.00 NOTE
r-release-windows-x86_64 0.7.22 13.00 104.00 117.00 NOTE
r-oldrel-macos-arm64 0.7.22 42.00 OK
r-oldrel-windows-x86_64 0.7.22 14.00 99.00 113.00 OK

Check Details

Version: 0.7.22
Check: package subdirectories
Result: NOTE Problems with news in ‘NEWS.md’: No news entries found. Flavors: r-devel-linux-x86_64-debian-clang, r-devel-linux-x86_64-debian-gcc, r-devel-linux-x86_64-fedora-clang, r-devel-linux-x86_64-fedora-gcc, r-devel-windows-x86_64, r-patched-linux-x86_64, r-release-linux-x86_64, r-release-macos-arm64, r-release-macos-x86_64, r-release-windows-x86_64