CRAN Package Check Results for Package SDCNway

Last updated on 2024-06-22 03:49:41 CEST.

Flavor Version Tinstall Tcheck Ttotal Status Flags
r-devel-linux-x86_64-debian-clang 1.0.1 3.51 44.48 47.99 NOTE
r-devel-linux-x86_64-debian-gcc 1.0.1 2.77 33.07 35.84 NOTE
r-devel-linux-x86_64-fedora-clang 1.0.1 64.02 NOTE
r-devel-linux-x86_64-fedora-gcc 1.0.1 70.24 NOTE
r-devel-windows-x86_64 1.0.1 5.00 53.00 58.00 NOTE
r-patched-linux-x86_64 1.0.1 3.69 42.48 46.17 NOTE
r-release-linux-x86_64 1.0.1 3.49 43.48 46.97 NOTE
r-release-macos-arm64 1.0.1 27.00 NOTE
r-release-macos-x86_64 1.0.1 38.00 NOTE
r-release-windows-x86_64 1.0.1 5.00 53.00 58.00 NOTE
r-oldrel-macos-arm64 1.0.1 27.00 OK
r-oldrel-macos-x86_64 1.0.1 44.00 OK
r-oldrel-windows-x86_64 1.0.1 5.00 57.00 62.00 OK

Check Details

Version: 1.0.1
Check: Rd files
Result: NOTE checkRd: (-1) sdc_extabs.Rd:59: Lost braces 59 | (including ]code{forcelist} variables) that can be used to form tables.} | ^ Flavors: r-devel-linux-x86_64-debian-clang, r-devel-linux-x86_64-debian-gcc, r-devel-linux-x86_64-fedora-clang, r-devel-linux-x86_64-fedora-gcc, r-devel-windows-x86_64, r-patched-linux-x86_64, r-release-linux-x86_64, r-release-macos-arm64, r-release-macos-x86_64, r-release-windows-x86_64