CRAN Package Check Results for Package SDAR

Last updated on 2022-08-13 00:51:11 CEST.

Flavor Version Tinstall Tcheck Ttotal Status Flags
r-devel-linux-x86_64-debian-clang 0.9-55 8.85 70.65 79.50 OK
r-devel-linux-x86_64-debian-gcc 0.9-55 7.37 53.38 60.75 OK
r-devel-linux-x86_64-fedora-clang 0.9-55 105.71 NOTE
r-devel-linux-x86_64-fedora-gcc 0.9-55 104.88 NOTE
r-devel-windows-x86_64 0.9-55 21.00 104.00 125.00 OK
r-patched-linux-x86_64 0.9-55 7.21 69.13 76.34 OK
r-release-linux-x86_64 0.9-55 8.58 68.97 77.55 OK
r-release-macos-arm64 0.9-55 32.00 NOTE
r-release-macos-x86_64 0.9-55 59.00 NOTE
r-release-windows-x86_64 0.9-55 24.00 99.00 123.00 OK
r-oldrel-macos-arm64 0.9-55 46.00 NOTE
r-oldrel-macos-x86_64 0.9-55 52.00 NOTE
r-oldrel-windows-ix86+x86_64 0.9-55 19.00 89.00 108.00 OK

Check Details

Version: 0.9-55
Check: data for non-ASCII characters
Result: NOTE
     Note: found 2 marked UTF-8 strings
Flavors: r-devel-linux-x86_64-fedora-clang, r-devel-linux-x86_64-fedora-gcc, r-release-macos-arm64, r-release-macos-x86_64, r-oldrel-macos-arm64, r-oldrel-macos-x86_64